{"id":9716,"date":"2012-03-30T00:00:00","date_gmt":"2012-03-30T00:00:00","guid":{"rendered":"http:\/\/almega.azurewebsites.net\/remisser\/ittelekomforetagens-synpunkter-pa-e-delegationens-utkast-till-vagledning-for-ateranvandning-av-information\/"},"modified":"2012-03-30T00:00:00","modified_gmt":"2012-03-30T00:00:00","slug":"ittelekomforetagens-synpunkter-pa-e-delegationens-utkast-till-vagledning-for-ateranvandning-av-information","status":"publish","type":"referral","link":"https:\/\/www.almega.se\/remisser\/ittelekomforetagens-synpunkter-pa-e-delegationens-utkast-till-vagledning-for-ateranvandning-av-information\/","title":{"rendered":"IT&#038;Telekom&shy;f\u00f6retagens synpunkter p\u00e5 e-Delegationens utkast till \u201dV\u00e4gledning f\u00f6r \u00e5teranv\u00e4ndning av information\u201d"},"content":{"rendered":"<div class=\"wp-block wp-block-classic-editor\">\n<p align=\"left\">&nbsp;<font size=\"3\">IT&amp;Telekomf&ouml;retagen ser mycket positivt p&aring; e-Delegationens ambition att ta fram en myndighetsv&auml;gledning till st&ouml;d f&ouml;r vidareanv&auml;ndning av offentliga data. <\/font><\/p>\n<p><font size=\"3\">Syfte och m&aring;l uppges vara att fr&auml;mja och samordna myndigheternas arbete med att f&ouml;rb&auml;ttra f&ouml;ruts&auml;ttningarna f&ouml;r vidareutnyttjande av data fr&aring;n den offentliga f&ouml;rvaltningen. Detta ska leda till att mer offentlig data tillg&auml;ngligg&ouml;rs p&aring; ett enkelt s&auml;tt f&ouml;r kommersiella och ideella &auml;ndam&aring;l. <\/font><\/p>\n<p><font size=\"3\">Utifr&aring;n denna beskrivning av syfte och m&aring;l med v&auml;gledningen vill IT&amp;Telekomf&ouml;retagen framf&ouml;ra f&ouml;ljande: <\/font><\/p>\n<ul>\n<li>\n<p><b><font face=\"Times New Roman,Times New Roman\" size=\"3\"><font face=\"Times New Roman,Times New Roman\" size=\"3\">Ordlista. <\/font><\/font><\/b><font size=\"3\">I remissen anv&auml;nds begrepp som &quot;data&quot;, &quot;information&quot; och &quot;handling&quot;. Dessa ord kan ha r&auml;tt olika och &auml;ven &ouml;verlappande inneb&ouml;rd beroende p&aring; vem som l&auml;ser v&auml;gledningen. F&ouml;r att undvika missf&ouml;rst&aring;nd b&ouml;r en ordlista med relevanta termer bifogas v&auml;gledningen. <\/font><\/p>\n<\/li>\n<li>\n<p><font size=\"3\">F&ouml;r att v&auml;gledningens syfte och m&aring;l ska uppfyllas b&ouml;r <\/font><b><font face=\"Times New Roman,Times New Roman\" size=\"3\"><font face=\"Times New Roman,Times New Roman\" size=\"3\">m&aring;lgruppen breddas <\/font><\/font><\/b><font size=\"3\">till att uttryckligen inkludera myndighetschefer\/nyckelpersoner inom myndigheterna vilka kanske inte besitter expertkunskaper i &auml;mnet. Att myndigheterna &auml;r motiverade p&aring; ledningsniv&aring; &auml;r viktigt f&ouml;r att skapa acceptans och driv i myndigheternas arbete med att tillg&auml;ngligg&ouml;ra offentliga data. <\/font><\/p>\n<\/li>\n<li><font size=\"3\">En bredare m&aring;lgrupp b&ouml;r f&ouml;rf&ouml;rallt avspegla sig i <\/font><b><font face=\"Times New Roman,Times New Roman\" size=\"3\"><font face=\"Times New Roman,Times New Roman\" size=\"3\">utformningen av bakgrundsavsnittet<\/font><\/font><\/b><font size=\"3\">. T.ex. p&aring; f&ouml;ljande vis: <\/font><\/li>\n<\/ul>\n<p><font size=\"3\">Beskriv tydligare och enklare <\/font><b><font face=\"Times New Roman,Times New Roman\" size=\"3\"><font face=\"Times New Roman,Times New Roman\" size=\"3\">den breda nyttan <\/font><\/font><\/b><font size=\"3\">med att tillg&auml;ngligg&ouml;ra offentliga data. Inte minst b&ouml;r myndigheternas egennytta (f&ouml;rvaltningsutvecklingspotential) po&auml;ngteras och exemplifieras p&aring; l&auml;mpligt vis. Potential f&ouml;r &ouml;kad medborgarnytta (&ouml;kat medborgardeltagande, st&ouml;rre utbud av medborgartj&auml;nster mm) kan ocks&aring; vara l&auml;mpligt att lyfta fram.<\/font><\/p>\n<p><font size=\"3\">&Auml;ven n&auml;ringslivets nytta med en &ouml;kad tillg&auml;nglighet b&ouml;r tas upp mer utf&ouml;rligt i bakgrundsavsnittet. Exempelvis med referens till Graham Vickerys utredning fr&aring;n 2011.<\/font><\/p>\n<ul>\n<li>\n<p><font size=\"3\">En <\/font><b><font face=\"Times New Roman,Times New Roman\" size=\"3\"><font face=\"Times New Roman,Times New Roman\" size=\"3\">sammanst&auml;llning av goda exempel <\/font><\/font><\/b><font size=\"3\">p&aring; hur tillg&auml;ngligg&ouml;rande av offentliga data bidrar till att skapa samh&auml;llsnytta kan &ouml;ka f&ouml;rst&aring;else och motivation hos data&auml;gande myndigheter. Detta kan tex g&ouml;ras p&aring; webbplats refererad till fr&aring;n v&auml;gledningen. <\/font><\/p>\n<\/li>\n<\/ul><\/div>\n","protected":false},"excerpt":{"rendered":"<p>&nbsp;IT&amp;Telekomf&ouml;retagen ser mycket positivt p&aring; e-Delegationens ambition att ta fram en myndighetsv&auml;gledning till st&ouml;d f&ouml;r vidareanv&auml;ndning av offentliga data. Syfte och m&aring;l uppges vara att fr&auml;mja och samordna myndigheternas arbete med att f&ouml;rb&auml;ttra f&ouml;ruts&auml;ttningarna f&ouml;r &hellip;<\/p>\n","protected":false},"template":"","categories":[],"class_list":["post-9716","referral","type-referral","status-publish","hentry"],"acf":[],"yoast_head":"<!-- This site is optimized with the Yoast SEO Premium plugin v26.8 (Yoast SEO v26.8) - https:\/\/yoast.com\/product\/yoast-seo-premium-wordpress\/ -->\n<title>IT&amp;Telekomf\u00f6retagens synpunkter p\u00e5 e-Delegationens utkast till \u201dV\u00e4gledning f\u00f6r \u00e5teranv\u00e4ndning av information\u201d | Almega<\/title>\n<meta name=\"robots\" content=\"index, follow, max-snippet:-1, max-image-preview:large, max-video-preview:-1\" \/>\n<link rel=\"canonical\" href=\"https:\/\/www.almega.se\/remisser\/ittelekomforetagens-synpunkter-pa-e-delegationens-utkast-till-vagledning-for-ateranvandning-av-information\/\" \/>\n<meta property=\"og:locale\" content=\"sv_SE\" \/>\n<meta property=\"og:type\" content=\"article\" \/>\n<meta property=\"og:title\" content=\"IT&amp;Telekomf\u00f6retagens synpunkter p\u00e5 e-Delegationens utkast till \u201dV\u00e4gledning f\u00f6r \u00e5teranv\u00e4ndning av information\u201d\" \/>\n<meta property=\"og:description\" content=\"&nbsp;IT&amp;Telekomf&ouml;retagen ser mycket positivt p&aring; e-Delegationens ambition att ta fram en myndighetsv&auml;gledning till st&ouml;d f&ouml;r vidareanv&auml;ndning av offentliga data. Syfte och m&aring;l uppges vara att fr&auml;mja och samordna myndigheternas arbete med att f&ouml;rb&auml;ttra f&ouml;ruts&auml;ttningarna f&ouml;r &hellip;\" \/>\n<meta property=\"og:url\" content=\"https:\/\/www.almega.se\/remisser\/ittelekomforetagens-synpunkter-pa-e-delegationens-utkast-till-vagledning-for-ateranvandning-av-information\/\" \/>\n<meta property=\"og:site_name\" content=\"Almega\" \/>\n<meta property=\"og:image\" content=\"https:\/\/www.almega.se\/app\/uploads\/2020\/12\/almega-share-logo.png\" \/>\n\t<meta property=\"og:image:width\" content=\"1200\" \/>\n\t<meta property=\"og:image:height\" content=\"630\" \/>\n\t<meta property=\"og:image:type\" content=\"image\/png\" \/>\n<meta name=\"twitter:card\" content=\"summary_large_image\" \/>\n<meta name=\"twitter:label1\" content=\"Ber\u00e4knad l\u00e4stid\" \/>\n\t<meta name=\"twitter:data1\" content=\"2 minuter\" \/>\n<script type=\"application\/ld+json\" class=\"yoast-schema-graph\">{\"@context\":\"https:\/\/schema.org\",\"@graph\":[{\"@type\":\"WebPage\",\"@id\":\"https:\/\/www.almega.se\/remisser\/ittelekomforetagens-synpunkter-pa-e-delegationens-utkast-till-vagledning-for-ateranvandning-av-information\/\",\"url\":\"https:\/\/www.almega.se\/remisser\/ittelekomforetagens-synpunkter-pa-e-delegationens-utkast-till-vagledning-for-ateranvandning-av-information\/\",\"name\":\"IT&Telekomf\u00f6retagens synpunkter p\u00e5 e-Delegationens utkast till \u201dV\u00e4gledning f\u00f6r \u00e5teranv\u00e4ndning av information\u201d | Almega\",\"isPartOf\":{\"@id\":\"https:\/\/www.almega.se\/#website\"},\"datePublished\":\"2012-03-30T00:00:00+00:00\",\"breadcrumb\":{\"@id\":\"https:\/\/www.almega.se\/remisser\/ittelekomforetagens-synpunkter-pa-e-delegationens-utkast-till-vagledning-for-ateranvandning-av-information\/#breadcrumb\"},\"inLanguage\":\"sv-SE\",\"potentialAction\":[{\"@type\":\"ReadAction\",\"target\":[\"https:\/\/www.almega.se\/remisser\/ittelekomforetagens-synpunkter-pa-e-delegationens-utkast-till-vagledning-for-ateranvandning-av-information\/\"]}]},{\"@type\":\"BreadcrumbList\",\"@id\":\"https:\/\/www.almega.se\/remisser\/ittelekomforetagens-synpunkter-pa-e-delegationens-utkast-till-vagledning-for-ateranvandning-av-information\/#breadcrumb\",\"itemListElement\":[{\"@type\":\"ListItem\",\"position\":1,\"name\":\"Home\",\"item\":\"https:\/\/www.almega.se\/\"},{\"@type\":\"ListItem\",\"position\":2,\"name\":\"Remisser\",\"item\":\"https:\/\/www.almega.se\/remisser\/\"},{\"@type\":\"ListItem\",\"position\":3,\"name\":\"IT&#038;Telekom&shy;f\u00f6retagens synpunkter p\u00e5 e-Delegationens utkast till \u201dV\u00e4gledning f\u00f6r \u00e5teranv\u00e4ndning av information\u201d\"}]},{\"@type\":\"WebSite\",\"@id\":\"https:\/\/www.almega.se\/#website\",\"url\":\"https:\/\/www.almega.se\/\",\"name\":\"Almega\",\"description\":\"\",\"potentialAction\":[{\"@type\":\"SearchAction\",\"target\":{\"@type\":\"EntryPoint\",\"urlTemplate\":\"https:\/\/www.almega.se\/?s={search_term_string}\"},\"query-input\":{\"@type\":\"PropertyValueSpecification\",\"valueRequired\":true,\"valueName\":\"search_term_string\"}}],\"inLanguage\":\"sv-SE\"}]}<\/script>\n<!-- \/ Yoast SEO Premium plugin. -->","yoast_head_json":{"title":"IT&Telekomf\u00f6retagens synpunkter p\u00e5 e-Delegationens utkast till \u201dV\u00e4gledning f\u00f6r \u00e5teranv\u00e4ndning av information\u201d | Almega","robots":{"index":"index","follow":"follow","max-snippet":"max-snippet:-1","max-image-preview":"max-image-preview:large","max-video-preview":"max-video-preview:-1"},"canonical":"https:\/\/www.almega.se\/remisser\/ittelekomforetagens-synpunkter-pa-e-delegationens-utkast-till-vagledning-for-ateranvandning-av-information\/","og_locale":"sv_SE","og_type":"article","og_title":"IT&Telekomf\u00f6retagens synpunkter p\u00e5 e-Delegationens utkast till \u201dV\u00e4gledning f\u00f6r \u00e5teranv\u00e4ndning av information\u201d","og_description":"&nbsp;IT&amp;Telekomf&ouml;retagen ser mycket positivt p&aring; e-Delegationens ambition att ta fram en myndighetsv&auml;gledning till st&ouml;d f&ouml;r vidareanv&auml;ndning av offentliga data. Syfte och m&aring;l uppges vara att fr&auml;mja och samordna myndigheternas arbete med att f&ouml;rb&auml;ttra f&ouml;ruts&auml;ttningarna f&ouml;r &hellip;","og_url":"https:\/\/www.almega.se\/remisser\/ittelekomforetagens-synpunkter-pa-e-delegationens-utkast-till-vagledning-for-ateranvandning-av-information\/","og_site_name":"Almega","og_image":[{"width":1200,"height":630,"url":"https:\/\/www.almega.se\/app\/uploads\/2020\/12\/almega-share-logo.png","type":"image\/png"}],"twitter_card":"summary_large_image","twitter_misc":{"Ber\u00e4knad l\u00e4stid":"2 minuter"},"schema":{"@context":"https:\/\/schema.org","@graph":[{"@type":"WebPage","@id":"https:\/\/www.almega.se\/remisser\/ittelekomforetagens-synpunkter-pa-e-delegationens-utkast-till-vagledning-for-ateranvandning-av-information\/","url":"https:\/\/www.almega.se\/remisser\/ittelekomforetagens-synpunkter-pa-e-delegationens-utkast-till-vagledning-for-ateranvandning-av-information\/","name":"IT&Telekomf\u00f6retagens synpunkter p\u00e5 e-Delegationens utkast till \u201dV\u00e4gledning f\u00f6r \u00e5teranv\u00e4ndning av information\u201d | Almega","isPartOf":{"@id":"https:\/\/www.almega.se\/#website"},"datePublished":"2012-03-30T00:00:00+00:00","breadcrumb":{"@id":"https:\/\/www.almega.se\/remisser\/ittelekomforetagens-synpunkter-pa-e-delegationens-utkast-till-vagledning-for-ateranvandning-av-information\/#breadcrumb"},"inLanguage":"sv-SE","potentialAction":[{"@type":"ReadAction","target":["https:\/\/www.almega.se\/remisser\/ittelekomforetagens-synpunkter-pa-e-delegationens-utkast-till-vagledning-for-ateranvandning-av-information\/"]}]},{"@type":"BreadcrumbList","@id":"https:\/\/www.almega.se\/remisser\/ittelekomforetagens-synpunkter-pa-e-delegationens-utkast-till-vagledning-for-ateranvandning-av-information\/#breadcrumb","itemListElement":[{"@type":"ListItem","position":1,"name":"Home","item":"https:\/\/www.almega.se\/"},{"@type":"ListItem","position":2,"name":"Remisser","item":"https:\/\/www.almega.se\/remisser\/"},{"@type":"ListItem","position":3,"name":"IT&#038;Telekom&shy;f\u00f6retagens synpunkter p\u00e5 e-Delegationens utkast till \u201dV\u00e4gledning f\u00f6r \u00e5teranv\u00e4ndning av information\u201d"}]},{"@type":"WebSite","@id":"https:\/\/www.almega.se\/#website","url":"https:\/\/www.almega.se\/","name":"Almega","description":"","potentialAction":[{"@type":"SearchAction","target":{"@type":"EntryPoint","urlTemplate":"https:\/\/www.almega.se\/?s={search_term_string}"},"query-input":{"@type":"PropertyValueSpecification","valueRequired":true,"valueName":"search_term_string"}}],"inLanguage":"sv-SE"}]}},"_links":{"self":[{"href":"https:\/\/www.almega.se\/api\/wp\/v2\/referral\/9716","targetHints":{"allow":["GET"]}}],"collection":[{"href":"https:\/\/www.almega.se\/api\/wp\/v2\/referral"}],"about":[{"href":"https:\/\/www.almega.se\/api\/wp\/v2\/types\/referral"}],"version-history":[{"count":0,"href":"https:\/\/www.almega.se\/api\/wp\/v2\/referral\/9716\/revisions"}],"wp:attachment":[{"href":"https:\/\/www.almega.se\/api\/wp\/v2\/media?parent=9716"}],"wp:term":[{"taxonomy":"category","embeddable":true,"href":"https:\/\/www.almega.se\/api\/wp\/v2\/categories?post=9716"}],"curies":[{"name":"wp","href":"https:\/\/api.w.org\/{rel}","templated":true}]}}

IT&#038;Telekom&shy;företagens synpunkter på e-Delegationens utkast till ”Vägledning för återanvändning av information”

<!-- This site is optimized with the Yoast SEO Premium plugin v26.8 (Yoast SEO v26.8) - https://yoast.com/product/yoast-seo-premium-wordpress/ -->
<title>IT&amp;Telekomföretagens synpunkter på e-Delegationens utkast till ”Vägledning för återanvändning av information” | Almega</title>
<meta name="robots" content="index, follow, max-snippet:-1, max-image-preview:large, max-video-preview:-1" />
<link rel="canonical" href="https://www.almega.se/remisser/ittelekomforetagens-synpunkter-pa-e-delegationens-utkast-till-vagledning-for-ateranvandning-av-information/" />
<meta property="og:locale" content="sv_SE" />
<meta property="og:type" content="article" />
<meta property="og:title" content="IT&amp;Telekomföretagens synpunkter på e-Delegationens utkast till ”Vägledning för återanvändning av information”" />
<meta property="og:description" content="&nbsp;IT&amp;Telekomf&ouml;retagen ser mycket positivt p&aring; e-Delegationens ambition att ta fram en myndighetsv&auml;gledning till st&ouml;d f&ouml;r vidareanv&auml;ndning av offentliga data. Syfte och m&aring;l uppges vara att fr&auml;mja och samordna myndigheternas arbete med att f&ouml;rb&auml;ttra f&ouml;ruts&auml;ttningarna f&ouml;r &hellip;" />
<meta property="og:url" content="https://www.almega.se/remisser/ittelekomforetagens-synpunkter-pa-e-delegationens-utkast-till-vagledning-for-ateranvandning-av-information/" />
<meta property="og:site_name" content="Almega" />
<meta property="og:image" content="https://www.almega.se/app/uploads/2020/12/almega-share-logo.png" />
	<meta property="og:image:width" content="1200" />
	<meta property="og:image:height" content="630" />
	<meta property="og:image:type" content="image/png" />
<meta name="twitter:card" content="summary_large_image" />
<meta name="twitter:label1" content="Beräknad lästid" />
	<meta name="twitter:data1" content="2 minuter" />
<script type="application/ld+json" class="yoast-schema-graph">{"@context":"https://schema.org","@graph":[{"@type":"WebPage","@id":"https://www.almega.se/remisser/ittelekomforetagens-synpunkter-pa-e-delegationens-utkast-till-vagledning-for-ateranvandning-av-information/","url":"https://www.almega.se/remisser/ittelekomforetagens-synpunkter-pa-e-delegationens-utkast-till-vagledning-for-ateranvandning-av-information/","name":"IT&Telekomföretagens synpunkter på e-Delegationens utkast till ”Vägledning för återanvändning av information” | Almega","isPartOf":{"@id":"https://www.almega.se/#website"},"datePublished":"2012-03-30T00:00:00+00:00","breadcrumb":{"@id":"https://www.almega.se/remisser/ittelekomforetagens-synpunkter-pa-e-delegationens-utkast-till-vagledning-for-ateranvandning-av-information/#breadcrumb"},"inLanguage":"sv-SE","potentialAction":[{"@type":"ReadAction","target":["https://www.almega.se/remisser/ittelekomforetagens-synpunkter-pa-e-delegationens-utkast-till-vagledning-for-ateranvandning-av-information/"]}]},{"@type":"BreadcrumbList","@id":"https://www.almega.se/remisser/ittelekomforetagens-synpunkter-pa-e-delegationens-utkast-till-vagledning-for-ateranvandning-av-information/#breadcrumb","itemListElement":[{"@type":"ListItem","position":1,"name":"Home","item":"https://www.almega.se/"},{"@type":"ListItem","position":2,"name":"Remisser","item":"https://www.almega.se/remisser/"},{"@type":"ListItem","position":3,"name":"IT&#038;Telekom&shy;företagens synpunkter på e-Delegationens utkast till ”Vägledning för återanvändning av information”"}]},{"@type":"WebSite","@id":"https://www.almega.se/#website","url":"https://www.almega.se/","name":"Almega","description":"","potentialAction":[{"@type":"SearchAction","target":{"@type":"EntryPoint","urlTemplate":"https://www.almega.se/?s={search_term_string}"},"query-input":{"@type":"PropertyValueSpecification","valueRequired":true,"valueName":"search_term_string"}}],"inLanguage":"sv-SE"}]}</script>
<!-- / Yoast SEO Premium plugin. -->

IT&Telekomföretagens synpunkter på e-Delegationens utkast till ”Vägledning för återanvändning av information” | Almega

IT&Telekomföretagens synpunkter på e-Delegationens utkast till ”Vägledning för återanvändning av information”
