{"id":9384,"date":"2016-09-01T00:00:00","date_gmt":"2016-09-01T00:00:00","guid":{"rendered":"http:\/\/almega.azurewebsites.net\/remisser\/privata-sjukvardsforsakringar-inom-offentlig-finansierad-halso-och-sjukvard-ds-201629\/"},"modified":"2016-09-01T00:00:00","modified_gmt":"2016-09-01T00:00:00","slug":"privata-sjukvardsforsakringar-inom-offentlig-finansierad-halso-och-sjukvard-ds-201629","status":"publish","type":"referral","link":"https:\/\/www.almega.se\/remisser\/privata-sjukvardsforsakringar-inom-offentlig-finansierad-halso-och-sjukvard-ds-201629\/","title":{"rendered":"Privata sjukv\u00e5rds&shy;f\u00f6rs\u00e4kringar inom offentlig finansierad h\u00e4lso- och sjukv\u00e5rd (Ds 2016:29)"},"content":{"rendered":"<div class=\"wp-block wp-block-classic-editor\">\n<p class=\"intro\">Almega AB har beretts m\u00f6jlighet att yttra sig \u00f6ver remissen \u201dPrivata Sjukv\u00e5rdsf\u00f6rs\u00e4kringar inom offentligt finansierad h\u00e4lso- och sjukv\u00e5rd S2016\/05391\/FS\u201d.<\/p>\n<p>Almega AB inst&auml;mmer i det remissvar som har framf&ouml;rts av V&aring;rdf&ouml;retagarna och avstryker promemorians f&ouml;rslag.<\/p>\n<p>&nbsp;<\/p>\n<p>Stockholm 20161124<\/p>\n<p>Ulf Lindberg, N&auml;ringspolitisk chef Almega<\/p>\n<\/p><\/div>\n","protected":false},"excerpt":{"rendered":"<p>Almega AB har beretts m\u00f6jlighet att yttra sig \u00f6ver remissen \u201dPrivata Sjukv\u00e5rdsf\u00f6rs\u00e4kringar inom offentligt finansierad h\u00e4lso- och sjukv\u00e5rd S2016\/05391\/FS\u201d.<\/p>\n","protected":false},"template":"","categories":[],"class_list":["post-9384","referral","type-referral","status-publish","hentry"],"acf":[],"yoast_head":"<!-- This site is optimized with the Yoast SEO Premium plugin v26.8 (Yoast SEO v26.8) - https:\/\/yoast.com\/product\/yoast-seo-premium-wordpress\/ -->\n<title>Privata sjukv\u00e5rdsf\u00f6rs\u00e4kringar inom offentlig finansierad h\u00e4lso- och sjukv\u00e5rd (Ds 2016:29) | Almega<\/title>\n<meta name=\"robots\" content=\"index, follow, max-snippet:-1, max-image-preview:large, max-video-preview:-1\" \/>\n<link rel=\"canonical\" href=\"https:\/\/www.almega.se\/remisser\/privata-sjukvardsforsakringar-inom-offentlig-finansierad-halso-och-sjukvard-ds-201629\/\" \/>\n<meta property=\"og:locale\" content=\"sv_SE\" \/>\n<meta property=\"og:type\" content=\"article\" \/>\n<meta property=\"og:title\" content=\"Privata sjukv\u00e5rdsf\u00f6rs\u00e4kringar inom offentlig finansierad h\u00e4lso- och sjukv\u00e5rd (Ds 2016:29)\" \/>\n<meta property=\"og:description\" content=\"Almega AB har beretts m\u00f6jlighet att yttra sig \u00f6ver remissen \u201dPrivata Sjukv\u00e5rdsf\u00f6rs\u00e4kringar inom offentligt finansierad h\u00e4lso- och sjukv\u00e5rd S2016\/05391\/FS\u201d.\" \/>\n<meta property=\"og:url\" content=\"https:\/\/www.almega.se\/remisser\/privata-sjukvardsforsakringar-inom-offentlig-finansierad-halso-och-sjukvard-ds-201629\/\" \/>\n<meta property=\"og:site_name\" content=\"Almega\" \/>\n<meta property=\"og:image\" content=\"https:\/\/www.almega.se\/app\/uploads\/2020\/12\/almega-share-logo.png\" \/>\n\t<meta property=\"og:image:width\" content=\"1200\" \/>\n\t<meta property=\"og:image:height\" content=\"630\" \/>\n\t<meta property=\"og:image:type\" content=\"image\/png\" \/>\n<meta name=\"twitter:card\" content=\"summary_large_image\" \/>\n<script type=\"application\/ld+json\" class=\"yoast-schema-graph\">{\"@context\":\"https:\/\/schema.org\",\"@graph\":[{\"@type\":\"WebPage\",\"@id\":\"https:\/\/www.almega.se\/remisser\/privata-sjukvardsforsakringar-inom-offentlig-finansierad-halso-och-sjukvard-ds-201629\/\",\"url\":\"https:\/\/www.almega.se\/remisser\/privata-sjukvardsforsakringar-inom-offentlig-finansierad-halso-och-sjukvard-ds-201629\/\",\"name\":\"Privata sjukv\u00e5rdsf\u00f6rs\u00e4kringar inom offentlig finansierad h\u00e4lso- och sjukv\u00e5rd (Ds 2016:29) | Almega\",\"isPartOf\":{\"@id\":\"https:\/\/www.almega.se\/#website\"},\"datePublished\":\"2016-09-01T00:00:00+00:00\",\"breadcrumb\":{\"@id\":\"https:\/\/www.almega.se\/remisser\/privata-sjukvardsforsakringar-inom-offentlig-finansierad-halso-och-sjukvard-ds-201629\/#breadcrumb\"},\"inLanguage\":\"sv-SE\",\"potentialAction\":[{\"@type\":\"ReadAction\",\"target\":[\"https:\/\/www.almega.se\/remisser\/privata-sjukvardsforsakringar-inom-offentlig-finansierad-halso-och-sjukvard-ds-201629\/\"]}]},{\"@type\":\"BreadcrumbList\",\"@id\":\"https:\/\/www.almega.se\/remisser\/privata-sjukvardsforsakringar-inom-offentlig-finansierad-halso-och-sjukvard-ds-201629\/#breadcrumb\",\"itemListElement\":[{\"@type\":\"ListItem\",\"position\":1,\"name\":\"Home\",\"item\":\"https:\/\/www.almega.se\/\"},{\"@type\":\"ListItem\",\"position\":2,\"name\":\"Remisser\",\"item\":\"https:\/\/www.almega.se\/remisser\/\"},{\"@type\":\"ListItem\",\"position\":3,\"name\":\"Privata sjukv\u00e5rds&shy;f\u00f6rs\u00e4kringar inom offentlig finansierad h\u00e4lso- och sjukv\u00e5rd (Ds 2016:29)\"}]},{\"@type\":\"WebSite\",\"@id\":\"https:\/\/www.almega.se\/#website\",\"url\":\"https:\/\/www.almega.se\/\",\"name\":\"Almega\",\"description\":\"\",\"potentialAction\":[{\"@type\":\"SearchAction\",\"target\":{\"@type\":\"EntryPoint\",\"urlTemplate\":\"https:\/\/www.almega.se\/?s={search_term_string}\"},\"query-input\":{\"@type\":\"PropertyValueSpecification\",\"valueRequired\":true,\"valueName\":\"search_term_string\"}}],\"inLanguage\":\"sv-SE\"}]}<\/script>\n<!-- \/ Yoast SEO Premium plugin. -->","yoast_head_json":{"title":"Privata sjukv\u00e5rdsf\u00f6rs\u00e4kringar inom offentlig finansierad h\u00e4lso- och sjukv\u00e5rd (Ds 2016:29) | Almega","robots":{"index":"index","follow":"follow","max-snippet":"max-snippet:-1","max-image-preview":"max-image-preview:large","max-video-preview":"max-video-preview:-1"},"canonical":"https:\/\/www.almega.se\/remisser\/privata-sjukvardsforsakringar-inom-offentlig-finansierad-halso-och-sjukvard-ds-201629\/","og_locale":"sv_SE","og_type":"article","og_title":"Privata sjukv\u00e5rdsf\u00f6rs\u00e4kringar inom offentlig finansierad h\u00e4lso- och sjukv\u00e5rd (Ds 2016:29)","og_description":"Almega AB har beretts m\u00f6jlighet att yttra sig \u00f6ver remissen \u201dPrivata Sjukv\u00e5rdsf\u00f6rs\u00e4kringar inom offentligt finansierad h\u00e4lso- och sjukv\u00e5rd S2016\/05391\/FS\u201d.","og_url":"https:\/\/www.almega.se\/remisser\/privata-sjukvardsforsakringar-inom-offentlig-finansierad-halso-och-sjukvard-ds-201629\/","og_site_name":"Almega","og_image":[{"width":1200,"height":630,"url":"https:\/\/www.almega.se\/app\/uploads\/2020\/12\/almega-share-logo.png","type":"image\/png"}],"twitter_card":"summary_large_image","schema":{"@context":"https:\/\/schema.org","@graph":[{"@type":"WebPage","@id":"https:\/\/www.almega.se\/remisser\/privata-sjukvardsforsakringar-inom-offentlig-finansierad-halso-och-sjukvard-ds-201629\/","url":"https:\/\/www.almega.se\/remisser\/privata-sjukvardsforsakringar-inom-offentlig-finansierad-halso-och-sjukvard-ds-201629\/","name":"Privata sjukv\u00e5rdsf\u00f6rs\u00e4kringar inom offentlig finansierad h\u00e4lso- och sjukv\u00e5rd (Ds 2016:29) | Almega","isPartOf":{"@id":"https:\/\/www.almega.se\/#website"},"datePublished":"2016-09-01T00:00:00+00:00","breadcrumb":{"@id":"https:\/\/www.almega.se\/remisser\/privata-sjukvardsforsakringar-inom-offentlig-finansierad-halso-och-sjukvard-ds-201629\/#breadcrumb"},"inLanguage":"sv-SE","potentialAction":[{"@type":"ReadAction","target":["https:\/\/www.almega.se\/remisser\/privata-sjukvardsforsakringar-inom-offentlig-finansierad-halso-och-sjukvard-ds-201629\/"]}]},{"@type":"BreadcrumbList","@id":"https:\/\/www.almega.se\/remisser\/privata-sjukvardsforsakringar-inom-offentlig-finansierad-halso-och-sjukvard-ds-201629\/#breadcrumb","itemListElement":[{"@type":"ListItem","position":1,"name":"Home","item":"https:\/\/www.almega.se\/"},{"@type":"ListItem","position":2,"name":"Remisser","item":"https:\/\/www.almega.se\/remisser\/"},{"@type":"ListItem","position":3,"name":"Privata sjukv\u00e5rds&shy;f\u00f6rs\u00e4kringar inom offentlig finansierad h\u00e4lso- och sjukv\u00e5rd (Ds 2016:29)"}]},{"@type":"WebSite","@id":"https:\/\/www.almega.se\/#website","url":"https:\/\/www.almega.se\/","name":"Almega","description":"","potentialAction":[{"@type":"SearchAction","target":{"@type":"EntryPoint","urlTemplate":"https:\/\/www.almega.se\/?s={search_term_string}"},"query-input":{"@type":"PropertyValueSpecification","valueRequired":true,"valueName":"search_term_string"}}],"inLanguage":"sv-SE"}]}},"_links":{"self":[{"href":"https:\/\/www.almega.se\/api\/wp\/v2\/referral\/9384","targetHints":{"allow":["GET"]}}],"collection":[{"href":"https:\/\/www.almega.se\/api\/wp\/v2\/referral"}],"about":[{"href":"https:\/\/www.almega.se\/api\/wp\/v2\/types\/referral"}],"version-history":[{"count":0,"href":"https:\/\/www.almega.se\/api\/wp\/v2\/referral\/9384\/revisions"}],"wp:attachment":[{"href":"https:\/\/www.almega.se\/api\/wp\/v2\/media?parent=9384"}],"wp:term":[{"taxonomy":"category","embeddable":true,"href":"https:\/\/www.almega.se\/api\/wp\/v2\/categories?post=9384"}],"curies":[{"name":"wp","href":"https:\/\/api.w.org\/{rel}","templated":true}]}}

Privata sjukvårds&shy;försäkringar inom offentlig finansierad hälso- och sjukvård (Ds 2016:29)

<div class="wp-block wp-block-classic-editor">
<p class="intro">Almega AB har beretts möjlighet att yttra sig över remissen ”Privata Sjukvårdsförsäkringar inom offentligt finansierad hälso- och sjukvård S2016/05391/FS”.</p>
<p>Almega AB inst&auml;mmer i det remissvar som har framf&ouml;rts av V&aring;rdf&ouml;retagarna och avstryker promemorians f&ouml;rslag.</p>
<p>&nbsp;</p>
<p>Stockholm 20161124</p>
<p>Ulf Lindberg, N&auml;ringspolitisk chef Almega</p>
</p></div>

<p>Almega AB har beretts möjlighet att yttra sig över remissen ”Privata Sjukvårdsförsäkringar inom offentligt finansierad hälso- och sjukvård S2016/05391/FS”.</p>

<!-- This site is optimized with the Yoast SEO Premium plugin v26.8 (Yoast SEO v26.8) - https://yoast.com/product/yoast-seo-premium-wordpress/ -->
<title>Privata sjukvårdsförsäkringar inom offentlig finansierad hälso- och sjukvård (Ds 2016:29) | Almega</title>
<meta name="robots" content="index, follow, max-snippet:-1, max-image-preview:large, max-video-preview:-1" />
<link rel="canonical" href="https://www.almega.se/remisser/privata-sjukvardsforsakringar-inom-offentlig-finansierad-halso-och-sjukvard-ds-201629/" />
<meta property="og:locale" content="sv_SE" />
<meta property="og:type" content="article" />
<meta property="og:title" content="Privata sjukvårdsförsäkringar inom offentlig finansierad hälso- och sjukvård (Ds 2016:29)" />
<meta property="og:description" content="Almega AB har beretts möjlighet att yttra sig över remissen ”Privata Sjukvårdsförsäkringar inom offentligt finansierad hälso- och sjukvård S2016/05391/FS”." />
<meta property="og:url" content="https://www.almega.se/remisser/privata-sjukvardsforsakringar-inom-offentlig-finansierad-halso-och-sjukvard-ds-201629/" />
<meta property="og:site_name" content="Almega" />
<meta property="og:image" content="https://www.almega.se/app/uploads/2020/12/almega-share-logo.png" />
	<meta property="og:image:width" content="1200" />
	<meta property="og:image:height" content="630" />
	<meta property="og:image:type" content="image/png" />
<meta name="twitter:card" content="summary_large_image" />
<script type="application/ld+json" class="yoast-schema-graph">{"@context":"https://schema.org","@graph":[{"@type":"WebPage","@id":"https://www.almega.se/remisser/privata-sjukvardsforsakringar-inom-offentlig-finansierad-halso-och-sjukvard-ds-201629/","url":"https://www.almega.se/remisser/privata-sjukvardsforsakringar-inom-offentlig-finansierad-halso-och-sjukvard-ds-201629/","name":"Privata sjukvårdsförsäkringar inom offentlig finansierad hälso- och sjukvård (Ds 2016:29) | Almega","isPartOf":{"@id":"https://www.almega.se/#website"},"datePublished":"2016-09-01T00:00:00+00:00","breadcrumb":{"@id":"https://www.almega.se/remisser/privata-sjukvardsforsakringar-inom-offentlig-finansierad-halso-och-sjukvard-ds-201629/#breadcrumb"},"inLanguage":"sv-SE","potentialAction":[{"@type":"ReadAction","target":["https://www.almega.se/remisser/privata-sjukvardsforsakringar-inom-offentlig-finansierad-halso-och-sjukvard-ds-201629/"]}]},{"@type":"BreadcrumbList","@id":"https://www.almega.se/remisser/privata-sjukvardsforsakringar-inom-offentlig-finansierad-halso-och-sjukvard-ds-201629/#breadcrumb","itemListElement":[{"@type":"ListItem","position":1,"name":"Home","item":"https://www.almega.se/"},{"@type":"ListItem","position":2,"name":"Remisser","item":"https://www.almega.se/remisser/"},{"@type":"ListItem","position":3,"name":"Privata sjukvårds&shy;försäkringar inom offentlig finansierad hälso- och sjukvård (Ds 2016:29)"}]},{"@type":"WebSite","@id":"https://www.almega.se/#website","url":"https://www.almega.se/","name":"Almega","description":"","potentialAction":[{"@type":"SearchAction","target":{"@type":"EntryPoint","urlTemplate":"https://www.almega.se/?s={search_term_string}"},"query-input":{"@type":"PropertyValueSpecification","valueRequired":true,"valueName":"search_term_string"}}],"inLanguage":"sv-SE"}]}</script>
<!-- / Yoast SEO Premium plugin. -->

Privata sjukvårdsförsäkringar inom offentlig finansierad hälso- och sjukvård (Ds 2016:29) | Almega

Privata sjukvårdsförsäkringar inom offentlig finansierad hälso- och sjukvård (Ds 2016:29)

Almega AB har beretts möjlighet att yttra sig över remissen ”Privata Sjukvårdsförsäkringar inom offentligt finansierad hälso- och sjukvård S2016/05391/FS”.
