{"id":85902,"date":"2026-02-18T10:01:16","date_gmt":"2026-02-18T09:01:16","guid":{"rendered":"https:\/\/www.almega.se\/aktiviteter\/gdpr-praktisk-tillampning-for-arbetsgivare\/"},"modified":"2026-04-13T22:01:16","modified_gmt":"2026-04-13T20:01:16","slug":"gdpr-praktisk-tillampning-for-arbetsgivare","status":"publish","type":"event","link":"https:\/\/www.almega.se\/aktiviteter\/gdpr-praktisk-tillampning-for-arbetsgivare\/","title":{"rendered":"GDPR \u2013 praktisk till\u00e4mpning f\u00f6r arbetsgivare"},"content":{"rendered":"<div class=\"wp-block wp-block-classic-editor\">\n<p class=\"intro\">GDPR st\u00e4ller krav p\u00e5 hur arbetsgivare hanterar personuppgifter i den dagliga verksamheten. I den h\u00e4r kursen f\u00e5r du en praktisk genomg\u00e5ng av vad reglerna inneb\u00e4r i arbetsgivarrollen och hur du kan arbeta strukturerat och r\u00e4ttss\u00e4kert med arbetstagares och arbetss\u00f6kandes personuppgifter.&nbsp;<\/p>\n<h2><strong>Detta f\u00e5r du i kursen<\/strong>&nbsp;<\/h2>\n<p><\/p>\n<p>Kursen ger dig en \u00f6versikt av GDPR med fokus p\u00e5 de situationer som \u00e4r vanligast i arbetsgivarens vardag. Vi g\u00e5r igenom vilka personuppgifter som f\u00e5r behandlas, p\u00e5 vilken r\u00e4ttslig grund och vilka skyldigheter arbetsgivaren har gentemot anst\u00e4llda&nbsp;och&nbsp;arbetss\u00f6kande.&nbsp;<\/p>\n<p>Vi g\u00e5r \u00e4ven igenom vad den nya domen fr\u00e5n AD egentligen s\u00e4ger kring GDPR och bakgrundskontroller av lag\u00f6vertr\u00e4delser.<\/p>\n<p><\/p>\n<p>Vi behandlar bland annat:&nbsp;<\/p>\n<p><\/p>\n<ul>\n<li>grundl\u00e4ggande principer i GDPR&nbsp;<\/li>\n<li>r\u00e4ttsliga grunder f\u00f6r personuppgiftsbehandling i arbetslivet&nbsp;<\/li>\n<li>undantagen fr\u00e5n f\u00f6rbudet att behandla k\u00e4nsliga personuppgifter<\/li>\n<li>exempel p\u00e5&nbsp;hantering av personuppgifter i HR-processer, exempelvis rekrytering och personaladministration.<\/li>\n<li>informationsskyldighet och registrerades r\u00e4ttigheter&nbsp;<\/li>\n<li>personuppgiftsincidenter och n\u00e4r anm\u00e4lan ska g\u00f6ras&nbsp;<\/li>\n<li>tillsyn, sanktionsavgifter och skadest\u00e5nd i arbetsr\u00e4ttsliga tvister&nbsp;\u2013 vad g\u00e4ller i praktiken&nbsp;<\/li>\n<\/ul>\n<p><\/p>\n<p>Kursen varvar juridisk genomg\u00e5ng med praktiska exempel och ger dig konkreta r\u00e5d f\u00f6r hur du kan s\u00e4kerst\u00e4lla att verksamheten uppfyller&nbsp;GDPR:s&nbsp;krav.&nbsp;<\/p>\n<p><\/p>\n<h2><strong>Kursh\u00e5llare<\/strong>&nbsp;<\/h2>\n<p><\/p>\n<p>Hedda Mann, Arbetsr\u00e4ttsjurist, Almega<br \/>Mia Fransson, Arbetsr\u00e4ttsjurist, Almega&nbsp;<br \/>&nbsp;<\/p>\n<h2><strong>Praktiska kursdetaljer<\/strong>&nbsp;<\/h2>\n<p><\/p>\n<p>Som deltagare har du m\u00f6jlighet att st\u00e4lla fr\u00e5gor via chatt under kursen.&nbsp;<br \/>Information om hur du ansluter dig till kursen skickas i en separat kallelse.&nbsp;<\/p>\n<p><\/p>\n<h2><strong>Pris<\/strong>&nbsp;<\/h2>\n<p><\/p>\n<p>795 kr exkl. moms per person f\u00f6r medlemmar&nbsp;<br \/>2 900 kr exkl. moms per person f\u00f6r icke-medlemmar&nbsp;<\/p>\n<h2>M\u00e5lgrupp<\/h2>\n<p>Personalansvariga, HR, chefer och andra befattningar som f\u00f6retr\u00e4der arbetsgivaren och arbetar med personuppgifter i verksamheten.&nbsp;<\/p>\n<\/div>\n","protected":false},"excerpt":{"rendered":"<p>GDPR st\u00e4ller krav p\u00e5 hur arbetsgivare hanterar personuppgifter i den dagliga verksamheten. I den h\u00e4r kursen f\u00e5r du en praktisk genomg\u00e5ng av vad reglerna inneb\u00e4r i arbetsgivarrollen och hur du kan arbeta strukturerat och r\u00e4ttss\u00e4kert med arbetstagares och arbetss\u00f6kandes personuppgifter.&nbsp;<\/p>\n","protected":false},"featured_media":85925,"template":"","eventcat":[99],"eventtype":[790],"eventformat":[789],"agreement":[],"class_list":["post-85902","event","type-event","status-publish","has-post-thumbnail","hentry","eventcat-arbetsratt","eventtype-kurs","eventformat-distans"],"acf":[],"yoast_head":"<!-- This site is optimized with the Yoast SEO Premium plugin v26.8 (Yoast SEO v26.8) - https:\/\/yoast.com\/product\/yoast-seo-premium-wordpress\/ -->\n<title>GDPR \u2013 praktisk till\u00e4mpning f\u00f6r arbetsgivare | Almega<\/title>\n<meta name=\"robots\" content=\"index, follow, max-snippet:-1, max-image-preview:large, max-video-preview:-1\" \/>\n<link rel=\"canonical\" href=\"https:\/\/www.almega.se\/aktiviteter\/gdpr-praktisk-tillampning-for-arbetsgivare\/\" \/>\n<meta property=\"og:locale\" content=\"sv_SE\" \/>\n<meta property=\"og:type\" content=\"article\" \/>\n<meta property=\"og:title\" content=\"GDPR \u2013 praktisk till\u00e4mpning f\u00f6r arbetsgivare\" \/>\n<meta property=\"og:description\" content=\"GDPR st\u00e4ller krav p\u00e5 hur arbetsgivare hanterar personuppgifter i den dagliga verksamheten. I den h\u00e4r kursen f\u00e5r du en praktisk genomg\u00e5ng av vad reglerna inneb\u00e4r i arbetsgivarrollen och hur du kan arbeta strukturerat och r\u00e4ttss\u00e4kert med arbetstagares och arbetss\u00f6kandes personuppgifter.&nbsp;\" \/>\n<meta property=\"og:url\" content=\"https:\/\/www.almega.se\/aktiviteter\/gdpr-praktisk-tillampning-for-arbetsgivare\/\" \/>\n<meta property=\"og:site_name\" content=\"Almega\" \/>\n<meta property=\"article:modified_time\" content=\"2026-04-13T20:01:16+00:00\" \/>\n<meta property=\"og:image\" content=\"https:\/\/www.almega.se\/app\/uploads\/2026\/02\/almega-gdpr-1180x787.png\" \/>\n\t<meta property=\"og:image:width\" content=\"1180\" \/>\n\t<meta property=\"og:image:height\" content=\"787\" \/>\n\t<meta property=\"og:image:type\" content=\"image\/png\" \/>\n<meta name=\"twitter:card\" content=\"summary_large_image\" \/>\n<meta name=\"twitter:label1\" content=\"Ber\u00e4knad l\u00e4stid\" \/>\n\t<meta name=\"twitter:data1\" content=\"2 minuter\" \/>\n<script type=\"application\/ld+json\" class=\"yoast-schema-graph\">{\"@context\":\"https:\/\/schema.org\",\"@graph\":[{\"@type\":\"WebPage\",\"@id\":\"https:\/\/www.almega.se\/aktiviteter\/gdpr-praktisk-tillampning-for-arbetsgivare\/\",\"url\":\"https:\/\/www.almega.se\/aktiviteter\/gdpr-praktisk-tillampning-for-arbetsgivare\/\",\"name\":\"GDPR \u2013 praktisk till\u00e4mpning f\u00f6r arbetsgivare | Almega\",\"isPartOf\":{\"@id\":\"https:\/\/www.almega.se\/#website\"},\"primaryImageOfPage\":{\"@id\":\"https:\/\/www.almega.se\/aktiviteter\/gdpr-praktisk-tillampning-for-arbetsgivare\/#primaryimage\"},\"image\":{\"@id\":\"https:\/\/www.almega.se\/aktiviteter\/gdpr-praktisk-tillampning-for-arbetsgivare\/#primaryimage\"},\"thumbnailUrl\":\"https:\/\/www.almega.se\/app\/uploads\/2026\/02\/almega-gdpr.png\",\"datePublished\":\"2026-02-18T09:01:16+00:00\",\"dateModified\":\"2026-04-13T20:01:16+00:00\",\"breadcrumb\":{\"@id\":\"https:\/\/www.almega.se\/aktiviteter\/gdpr-praktisk-tillampning-for-arbetsgivare\/#breadcrumb\"},\"inLanguage\":\"sv-SE\",\"potentialAction\":[{\"@type\":\"ReadAction\",\"target\":[\"https:\/\/www.almega.se\/aktiviteter\/gdpr-praktisk-tillampning-for-arbetsgivare\/\"]}]},{\"@type\":\"ImageObject\",\"inLanguage\":\"sv-SE\",\"@id\":\"https:\/\/www.almega.se\/aktiviteter\/gdpr-praktisk-tillampning-for-arbetsgivare\/#primaryimage\",\"url\":\"https:\/\/www.almega.se\/app\/uploads\/2026\/02\/almega-gdpr.png\",\"contentUrl\":\"https:\/\/www.almega.se\/app\/uploads\/2026\/02\/almega-gdpr.png\",\"width\":1536,\"height\":1024},{\"@type\":\"BreadcrumbList\",\"@id\":\"https:\/\/www.almega.se\/aktiviteter\/gdpr-praktisk-tillampning-for-arbetsgivare\/#breadcrumb\",\"itemListElement\":[{\"@type\":\"ListItem\",\"position\":1,\"name\":\"Home\",\"item\":\"https:\/\/www.almega.se\/\"},{\"@type\":\"ListItem\",\"position\":2,\"name\":\"Aktiviteter\",\"item\":\"https:\/\/www.almega.se\/aktiviteter\/\"},{\"@type\":\"ListItem\",\"position\":3,\"name\":\"GDPR \u2013 praktisk till\u00e4mpning f\u00f6r arbetsgivare\"}]},{\"@type\":\"WebSite\",\"@id\":\"https:\/\/www.almega.se\/#website\",\"url\":\"https:\/\/www.almega.se\/\",\"name\":\"Almega\",\"description\":\"\",\"potentialAction\":[{\"@type\":\"SearchAction\",\"target\":{\"@type\":\"EntryPoint\",\"urlTemplate\":\"https:\/\/www.almega.se\/?s={search_term_string}\"},\"query-input\":{\"@type\":\"PropertyValueSpecification\",\"valueRequired\":true,\"valueName\":\"search_term_string\"}}],\"inLanguage\":\"sv-SE\"}]}<\/script>\n<!-- \/ Yoast SEO Premium plugin. -->","yoast_head_json":{"title":"GDPR \u2013 praktisk till\u00e4mpning f\u00f6r arbetsgivare | Almega","robots":{"index":"index","follow":"follow","max-snippet":"max-snippet:-1","max-image-preview":"max-image-preview:large","max-video-preview":"max-video-preview:-1"},"canonical":"https:\/\/www.almega.se\/aktiviteter\/gdpr-praktisk-tillampning-for-arbetsgivare\/","og_locale":"sv_SE","og_type":"article","og_title":"GDPR \u2013 praktisk till\u00e4mpning f\u00f6r arbetsgivare","og_description":"GDPR st\u00e4ller krav p\u00e5 hur arbetsgivare hanterar personuppgifter i den dagliga verksamheten. I den h\u00e4r kursen f\u00e5r du en praktisk genomg\u00e5ng av vad reglerna inneb\u00e4r i arbetsgivarrollen och hur du kan arbeta strukturerat och r\u00e4ttss\u00e4kert med arbetstagares och arbetss\u00f6kandes personuppgifter.&nbsp;","og_url":"https:\/\/www.almega.se\/aktiviteter\/gdpr-praktisk-tillampning-for-arbetsgivare\/","og_site_name":"Almega","article_modified_time":"2026-04-13T20:01:16+00:00","og_image":[{"width":1180,"height":787,"url":"https:\/\/www.almega.se\/app\/uploads\/2026\/02\/almega-gdpr-1180x787.png","type":"image\/png"}],"twitter_card":"summary_large_image","twitter_misc":{"Ber\u00e4knad l\u00e4stid":"2 minuter"},"schema":{"@context":"https:\/\/schema.org","@graph":[{"@type":"WebPage","@id":"https:\/\/www.almega.se\/aktiviteter\/gdpr-praktisk-tillampning-for-arbetsgivare\/","url":"https:\/\/www.almega.se\/aktiviteter\/gdpr-praktisk-tillampning-for-arbetsgivare\/","name":"GDPR \u2013 praktisk till\u00e4mpning f\u00f6r arbetsgivare | Almega","isPartOf":{"@id":"https:\/\/www.almega.se\/#website"},"primaryImageOfPage":{"@id":"https:\/\/www.almega.se\/aktiviteter\/gdpr-praktisk-tillampning-for-arbetsgivare\/#primaryimage"},"image":{"@id":"https:\/\/www.almega.se\/aktiviteter\/gdpr-praktisk-tillampning-for-arbetsgivare\/#primaryimage"},"thumbnailUrl":"https:\/\/www.almega.se\/app\/uploads\/2026\/02\/almega-gdpr.png","datePublished":"2026-02-18T09:01:16+00:00","dateModified":"2026-04-13T20:01:16+00:00","breadcrumb":{"@id":"https:\/\/www.almega.se\/aktiviteter\/gdpr-praktisk-tillampning-for-arbetsgivare\/#breadcrumb"},"inLanguage":"sv-SE","potentialAction":[{"@type":"ReadAction","target":["https:\/\/www.almega.se\/aktiviteter\/gdpr-praktisk-tillampning-for-arbetsgivare\/"]}]},{"@type":"ImageObject","inLanguage":"sv-SE","@id":"https:\/\/www.almega.se\/aktiviteter\/gdpr-praktisk-tillampning-for-arbetsgivare\/#primaryimage","url":"https:\/\/www.almega.se\/app\/uploads\/2026\/02\/almega-gdpr.png","contentUrl":"https:\/\/www.almega.se\/app\/uploads\/2026\/02\/almega-gdpr.png","width":1536,"height":1024},{"@type":"BreadcrumbList","@id":"https:\/\/www.almega.se\/aktiviteter\/gdpr-praktisk-tillampning-for-arbetsgivare\/#breadcrumb","itemListElement":[{"@type":"ListItem","position":1,"name":"Home","item":"https:\/\/www.almega.se\/"},{"@type":"ListItem","position":2,"name":"Aktiviteter","item":"https:\/\/www.almega.se\/aktiviteter\/"},{"@type":"ListItem","position":3,"name":"GDPR \u2013 praktisk till\u00e4mpning f\u00f6r arbetsgivare"}]},{"@type":"WebSite","@id":"https:\/\/www.almega.se\/#website","url":"https:\/\/www.almega.se\/","name":"Almega","description":"","potentialAction":[{"@type":"SearchAction","target":{"@type":"EntryPoint","urlTemplate":"https:\/\/www.almega.se\/?s={search_term_string}"},"query-input":{"@type":"PropertyValueSpecification","valueRequired":true,"valueName":"search_term_string"}}],"inLanguage":"sv-SE"}]}},"_links":{"self":[{"href":"https:\/\/www.almega.se\/api\/wp\/v2\/event\/85902","targetHints":{"allow":["GET"]}}],"collection":[{"href":"https:\/\/www.almega.se\/api\/wp\/v2\/event"}],"about":[{"href":"https:\/\/www.almega.se\/api\/wp\/v2\/types\/event"}],"wp:featuredmedia":[{"embeddable":true,"href":"https:\/\/www.almega.se\/api\/wp\/v2\/media\/85925"}],"wp:attachment":[{"href":"https:\/\/www.almega.se\/api\/wp\/v2\/media?parent=85902"}],"wp:term":[{"taxonomy":"eventcat","embeddable":true,"href":"https:\/\/www.almega.se\/api\/wp\/v2\/eventcat?post=85902"},{"taxonomy":"eventtype","embeddable":true,"href":"https:\/\/www.almega.se\/api\/wp\/v2\/eventtype?post=85902"},{"taxonomy":"eventformat","embeddable":true,"href":"https:\/\/www.almega.se\/api\/wp\/v2\/eventformat?post=85902"},{"taxonomy":"agreement","embeddable":true,"href":"https:\/\/www.almega.se\/api\/wp\/v2\/agreement?post=85902"}],"curies":[{"name":"wp","href":"https:\/\/api.w.org\/{rel}","templated":true}]}}

GDPR – praktisk tillämpning för arbetsgivare

<div class="wp-block wp-block-classic-editor">
<p class="intro">GDPR ställer krav på hur arbetsgivare hanterar personuppgifter i den dagliga verksamheten. I den här kursen får du en praktisk genomgång av vad reglerna innebär i arbetsgivarrollen och hur du kan arbeta strukturerat och rättssäkert med arbetstagares och arbetssökandes personuppgifter.&nbsp;</p>
<h2><strong>Detta får du i kursen</strong>&nbsp;</h2>
<p></p>
<p>Kursen ger dig en översikt av GDPR med fokus på de situationer som är vanligast i arbetsgivarens vardag. Vi går igenom vilka personuppgifter som får behandlas, på vilken rättslig grund och vilka skyldigheter arbetsgivaren har gentemot anställda&nbsp;och&nbsp;arbetssökande.&nbsp;</p>
<p>Vi går även igenom vad den nya domen från AD egentligen säger kring GDPR och bakgrundskontroller av lagöverträdelser.</p>
<p></p>
<p>Vi behandlar bland annat:&nbsp;</p>
<p></p>
<ul>
<li>grundläggande principer i GDPR&nbsp;</li>
<li>rättsliga grunder för personuppgiftsbehandling i arbetslivet&nbsp;</li>
<li>undantagen från förbudet att behandla känsliga personuppgifter</li>
<li>exempel på&nbsp;hantering av personuppgifter i HR-processer, exempelvis rekrytering och personaladministration.</li>
<li>informationsskyldighet och registrerades rättigheter&nbsp;</li>
<li>personuppgiftsincidenter och när anmälan ska göras&nbsp;</li>
<li>tillsyn, sanktionsavgifter och skadestånd i arbetsrättsliga tvister&nbsp;– vad gäller i praktiken&nbsp;</li>
</ul>
<p></p>
<p>Kursen varvar juridisk genomgång med praktiska exempel och ger dig konkreta råd för hur du kan säkerställa att verksamheten uppfyller&nbsp;GDPR:s&nbsp;krav.&nbsp;</p>
<p></p>
<h2><strong>Kurshållare</strong>&nbsp;</h2>
<p></p>
<p>Hedda Mann, Arbetsrättsjurist, Almega<br />Mia Fransson, Arbetsrättsjurist, Almega&nbsp;<br />&nbsp;</p>
<h2><strong>Praktiska kursdetaljer</strong>&nbsp;</h2>
<p></p>
<p>Som deltagare har du möjlighet att ställa frågor via chatt under kursen.&nbsp;<br />Information om hur du ansluter dig till kursen skickas i en separat kallelse.&nbsp;</p>
<p></p>
<h2><strong>Pris</strong>&nbsp;</h2>
<p></p>
<p>795 kr exkl. moms per person för medlemmar&nbsp;<br />2 900 kr exkl. moms per person för icke-medlemmar&nbsp;</p>
<h2>Målgrupp</h2>
<p>Personalansvariga, HR, chefer och andra befattningar som företräder arbetsgivaren och arbetar med personuppgifter i verksamheten.&nbsp;</p>
</div>

<p>GDPR ställer krav på hur arbetsgivare hanterar personuppgifter i den dagliga verksamheten. I den här kursen får du en praktisk genomgång av vad reglerna innebär i arbetsgivarrollen och hur du kan arbeta strukturerat och rättssäkert med arbetstagares och arbetssökandes personuppgifter.&nbsp;</p>

<!-- This site is optimized with the Yoast SEO Premium plugin v26.8 (Yoast SEO v26.8) - https://yoast.com/product/yoast-seo-premium-wordpress/ -->
<title>GDPR – praktisk tillämpning för arbetsgivare | Almega</title>
<meta name="robots" content="index, follow, max-snippet:-1, max-image-preview:large, max-video-preview:-1" />
<link rel="canonical" href="https://www.almega.se/aktiviteter/gdpr-praktisk-tillampning-for-arbetsgivare/" />
<meta property="og:locale" content="sv_SE" />
<meta property="og:type" content="article" />
<meta property="og:title" content="GDPR – praktisk tillämpning för arbetsgivare" />
<meta property="og:description" content="GDPR ställer krav på hur arbetsgivare hanterar personuppgifter i den dagliga verksamheten. I den här kursen får du en praktisk genomgång av vad reglerna innebär i arbetsgivarrollen och hur du kan arbeta strukturerat och rättssäkert med arbetstagares och arbetssökandes personuppgifter.&nbsp;" />
<meta property="og:url" content="https://www.almega.se/aktiviteter/gdpr-praktisk-tillampning-for-arbetsgivare/" />
<meta property="og:site_name" content="Almega" />
<meta property="article:modified_time" content="2026-04-13T20:01:16+00:00" />
<meta property="og:image" content="https://www.almega.se/app/uploads/2026/02/almega-gdpr-1180x787.png" />
	<meta property="og:image:width" content="1180" />
	<meta property="og:image:height" content="787" />
	<meta property="og:image:type" content="image/png" />
<meta name="twitter:card" content="summary_large_image" />
<meta name="twitter:label1" content="Beräknad lästid" />
	<meta name="twitter:data1" content="2 minuter" />
<script type="application/ld+json" class="yoast-schema-graph">{"@context":"https://schema.org","@graph":[{"@type":"WebPage","@id":"https://www.almega.se/aktiviteter/gdpr-praktisk-tillampning-for-arbetsgivare/","url":"https://www.almega.se/aktiviteter/gdpr-praktisk-tillampning-for-arbetsgivare/","name":"GDPR – praktisk tillämpning för arbetsgivare | Almega","isPartOf":{"@id":"https://www.almega.se/#website"},"primaryImageOfPage":{"@id":"https://www.almega.se/aktiviteter/gdpr-praktisk-tillampning-for-arbetsgivare/#primaryimage"},"image":{"@id":"https://www.almega.se/aktiviteter/gdpr-praktisk-tillampning-for-arbetsgivare/#primaryimage"},"thumbnailUrl":"https://www.almega.se/app/uploads/2026/02/almega-gdpr.png","datePublished":"2026-02-18T09:01:16+00:00","dateModified":"2026-04-13T20:01:16+00:00","breadcrumb":{"@id":"https://www.almega.se/aktiviteter/gdpr-praktisk-tillampning-for-arbetsgivare/#breadcrumb"},"inLanguage":"sv-SE","potentialAction":[{"@type":"ReadAction","target":["https://www.almega.se/aktiviteter/gdpr-praktisk-tillampning-for-arbetsgivare/"]}]},{"@type":"ImageObject","inLanguage":"sv-SE","@id":"https://www.almega.se/aktiviteter/gdpr-praktisk-tillampning-for-arbetsgivare/#primaryimage","url":"https://www.almega.se/app/uploads/2026/02/almega-gdpr.png","contentUrl":"https://www.almega.se/app/uploads/2026/02/almega-gdpr.png","width":1536,"height":1024},{"@type":"BreadcrumbList","@id":"https://www.almega.se/aktiviteter/gdpr-praktisk-tillampning-for-arbetsgivare/#breadcrumb","itemListElement":[{"@type":"ListItem","position":1,"name":"Home","item":"https://www.almega.se/"},{"@type":"ListItem","position":2,"name":"Aktiviteter","item":"https://www.almega.se/aktiviteter/"},{"@type":"ListItem","position":3,"name":"GDPR – praktisk tillämpning för arbetsgivare"}]},{"@type":"WebSite","@id":"https://www.almega.se/#website","url":"https://www.almega.se/","name":"Almega","description":"","potentialAction":[{"@type":"SearchAction","target":{"@type":"EntryPoint","urlTemplate":"https://www.almega.se/?s={search_term_string}"},"query-input":{"@type":"PropertyValueSpecification","valueRequired":true,"valueName":"search_term_string"}}],"inLanguage":"sv-SE"}]}</script>
<!-- / Yoast SEO Premium plugin. -->

GDPR – praktisk tillämpning för arbetsgivare | Almega

GDPR ställer krav på hur arbetsgivare hanterar personuppgifter i den dagliga verksamheten. I den här kursen får du en praktisk genomgång av vad reglerna innebär i arbetsgivarrollen och hur du kan arbeta strukturerat och rättssäkert med arbetstagares och arbetssökandes personuppgifter.&nbsp;
