{"id":74749,"date":"2024-06-28T10:01:10","date_gmt":"2024-06-28T08:01:10","guid":{"rendered":"https:\/\/www.almega.se\/aktiviteter\/avtalskurs-bransch-vard-och-behandlingsverksamhet-samt-omsorgsverksamhet-och-bransch-aldreomsorg-2-delar\/"},"modified":"2026-02-07T00:01:18","modified_gmt":"2026-02-06T23:01:18","slug":"avtalskurs-bransch-vard-och-behandlingsverksamhet-samt-omsorgsverksamhet-och-bransch-aldreomsorg-2-delar","status":"publish","type":"event","link":"https:\/\/www.almega.se\/aktiviteter\/avtalskurs-bransch-vard-och-behandlingsverksamhet-samt-omsorgsverksamhet-och-bransch-aldreomsorg-2-delar\/","title":{"rendered":"Avtalskurs bransch v\u00e5rd och behandlings&shy;verksamhet samt omsorgs&shy;verksamhet och bransch \u00e4ldreomsorg, 2 delar"},"content":{"rendered":"<div class=\"wp-block wp-block-classic-editor\">\n<p class=\"intro\">P\u00e5 Almegas branschanpassade kollektivavtalskurser tar vi upp reglerna som styr relationen mellan arbetsgivare och arbetstagare med ditt kollektivavtal i fokus. Vi ser \u00f6ver de regler och lagar som styr din bransch och varvar teori med praktiska exempel.<\/p>\n<h2><strong>Detta f\u00e5r du i kursen<\/strong><\/h2>\n<p><strong><br \/><\/strong>Under kursen f\u00e5r du en genomg\u00e5ng av de anst\u00e4llningsvillkor som g\u00e4ller i aktuellt kollektivavtal i kombination med de lagar som g\u00e4ller p\u00e5 omr\u00e5det. Vi g\u00e5r igenom villkor vid anst\u00e4llningens ing\u00e5ende och vilka anst\u00e4llningsformer som g\u00e4ller, hur arbetstid hanteras och vilka regler g\u00e4ller i avtalet och vilka fr\u00e5nvaroregler det finns. Vi kommer \u00e4ven att diskutera anst\u00e4llningens upph\u00f6rande, upps\u00e4gningstider och formalia krav.<\/p>\n<h2>Kursledare<\/h2>\n<p>arbetsr\u00e4ttsjurister\/arbetsr\u00e4ttsexperter fr\u00e5n V\u00e5rdf\u00f6retagarna<\/p>\n<\/p>\n<h2>\u00d6vrig information<\/h2>\n<p>Som deltagare har du m\u00f6jlighet att st\u00e4lla fr\u00e5gor via chatt under kursen.<br \/>Information om hur du ansluter dig till kursen skickas i en separat kallelse.&nbsp;<\/p>\n<p>Kursen \u00e4r uppdelad i <strong>tv\u00e5 delar som h\u00e5lls vid tv\u00e5 olika datum<\/strong> och du f\u00e5r en bekr\u00e4ftelse f\u00f6r b\u00e5da delarna.<\/p>\n<p><\/p>\n<h2><strong>Pris<\/strong><\/h2>\n<p>1995 kr exkl moms f\u00f6r medlemmar<br \/>6900 kr exkl moms f\u00f6r icke-medlemmar<\/p>\n<p><\/p>\n<p><\/p>\n<h2>M\u00e5lgrupp<\/h2>\n<p>Vi v\u00e4nder oss i f\u00f6rsta hand till dig som \u00e4r chef eller medarbetare som fattar beslut eller arbetar med villkorsfr\u00e5gor. Avtalskursen ger dig en bra genomg\u00e5ng av kollektivavtalet oavsett om du \u00e4r ny i din roll eller i behov av en repetition.<\/p>\n<\/div>\n","protected":false},"excerpt":{"rendered":"<p>P\u00e5 Almegas branschanpassade kollektivavtalskurser tar vi upp reglerna som styr relationen mellan arbetsgivare och arbetstagare med ditt kollektivavtal i fokus. Vi ser \u00f6ver de regler och lagar som styr din bransch och varvar teori med praktiska exempel.<\/p>\n","protected":false},"featured_media":0,"template":"","eventcat":[102],"eventtype":[790],"eventformat":[789],"agreement":[],"class_list":["post-74749","event","type-event","status-publish","hentry","eventcat-kollektivavtal","eventtype-kurs","eventformat-distans"],"acf":[],"yoast_head":"<!-- This site is optimized with the Yoast SEO Premium plugin v26.8 (Yoast SEO v26.8) - https:\/\/yoast.com\/product\/yoast-seo-premium-wordpress\/ -->\n<title>Avtalskurs bransch v\u00e5rd och behandlingsverksamhet samt omsorgsverksamhet och bransch \u00e4ldreomsorg, 2 delar | Almega<\/title>\n<meta name=\"robots\" content=\"index, follow, max-snippet:-1, max-image-preview:large, max-video-preview:-1\" \/>\n<link rel=\"canonical\" href=\"https:\/\/www.almega.se\/aktiviteter\/avtalskurs-bransch-vard-och-behandlingsverksamhet-samt-omsorgsverksamhet-och-bransch-aldreomsorg-2-delar\/\" \/>\n<meta property=\"og:locale\" content=\"sv_SE\" \/>\n<meta property=\"og:type\" content=\"article\" \/>\n<meta property=\"og:title\" content=\"Avtalskurs bransch v\u00e5rd och behandlingsverksamhet samt omsorgsverksamhet och bransch \u00e4ldreomsorg, 2 delar\" \/>\n<meta property=\"og:description\" content=\"P\u00e5 Almegas branschanpassade kollektivavtalskurser tar vi upp reglerna som styr relationen mellan arbetsgivare och arbetstagare med ditt kollektivavtal i fokus. Vi ser \u00f6ver de regler och lagar som styr din bransch och varvar teori med praktiska exempel.\" \/>\n<meta property=\"og:url\" content=\"https:\/\/www.almega.se\/aktiviteter\/avtalskurs-bransch-vard-och-behandlingsverksamhet-samt-omsorgsverksamhet-och-bransch-aldreomsorg-2-delar\/\" \/>\n<meta property=\"og:site_name\" content=\"Almega\" \/>\n<meta property=\"article:modified_time\" content=\"2026-02-06T23:01:18+00:00\" \/>\n<meta property=\"og:image\" content=\"https:\/\/www.almega.se\/app\/uploads\/2020\/12\/almega-share-logo.png\" \/>\n\t<meta property=\"og:image:width\" content=\"1200\" \/>\n\t<meta property=\"og:image:height\" content=\"630\" \/>\n\t<meta property=\"og:image:type\" content=\"image\/png\" \/>\n<meta name=\"twitter:card\" content=\"summary_large_image\" \/>\n<meta name=\"twitter:label1\" content=\"Ber\u00e4knad l\u00e4stid\" \/>\n\t<meta name=\"twitter:data1\" content=\"1 minut\" \/>\n<script type=\"application\/ld+json\" class=\"yoast-schema-graph\">{\"@context\":\"https:\/\/schema.org\",\"@graph\":[{\"@type\":\"WebPage\",\"@id\":\"https:\/\/www.almega.se\/aktiviteter\/avtalskurs-bransch-vard-och-behandlingsverksamhet-samt-omsorgsverksamhet-och-bransch-aldreomsorg-2-delar\/\",\"url\":\"https:\/\/www.almega.se\/aktiviteter\/avtalskurs-bransch-vard-och-behandlingsverksamhet-samt-omsorgsverksamhet-och-bransch-aldreomsorg-2-delar\/\",\"name\":\"Avtalskurs bransch v\u00e5rd och behandlingsverksamhet samt omsorgsverksamhet och bransch \u00e4ldreomsorg, 2 delar | Almega\",\"isPartOf\":{\"@id\":\"https:\/\/www.almega.se\/#website\"},\"datePublished\":\"2024-06-28T08:01:10+00:00\",\"dateModified\":\"2026-02-06T23:01:18+00:00\",\"breadcrumb\":{\"@id\":\"https:\/\/www.almega.se\/aktiviteter\/avtalskurs-bransch-vard-och-behandlingsverksamhet-samt-omsorgsverksamhet-och-bransch-aldreomsorg-2-delar\/#breadcrumb\"},\"inLanguage\":\"sv-SE\",\"potentialAction\":[{\"@type\":\"ReadAction\",\"target\":[\"https:\/\/www.almega.se\/aktiviteter\/avtalskurs-bransch-vard-och-behandlingsverksamhet-samt-omsorgsverksamhet-och-bransch-aldreomsorg-2-delar\/\"]}]},{\"@type\":\"BreadcrumbList\",\"@id\":\"https:\/\/www.almega.se\/aktiviteter\/avtalskurs-bransch-vard-och-behandlingsverksamhet-samt-omsorgsverksamhet-och-bransch-aldreomsorg-2-delar\/#breadcrumb\",\"itemListElement\":[{\"@type\":\"ListItem\",\"position\":1,\"name\":\"Home\",\"item\":\"https:\/\/www.almega.se\/\"},{\"@type\":\"ListItem\",\"position\":2,\"name\":\"Aktiviteter\",\"item\":\"https:\/\/www.almega.se\/aktiviteter\/\"},{\"@type\":\"ListItem\",\"position\":3,\"name\":\"Avtalskurs bransch v\u00e5rd och behandlings&shy;verksamhet samt omsorgs&shy;verksamhet och bransch \u00e4ldreomsorg, 2 delar\"}]},{\"@type\":\"WebSite\",\"@id\":\"https:\/\/www.almega.se\/#website\",\"url\":\"https:\/\/www.almega.se\/\",\"name\":\"Almega\",\"description\":\"\",\"potentialAction\":[{\"@type\":\"SearchAction\",\"target\":{\"@type\":\"EntryPoint\",\"urlTemplate\":\"https:\/\/www.almega.se\/?s={search_term_string}\"},\"query-input\":{\"@type\":\"PropertyValueSpecification\",\"valueRequired\":true,\"valueName\":\"search_term_string\"}}],\"inLanguage\":\"sv-SE\"}]}<\/script>\n<!-- \/ Yoast SEO Premium plugin. -->","yoast_head_json":{"title":"Avtalskurs bransch v\u00e5rd och behandlingsverksamhet samt omsorgsverksamhet och bransch \u00e4ldreomsorg, 2 delar | Almega","robots":{"index":"index","follow":"follow","max-snippet":"max-snippet:-1","max-image-preview":"max-image-preview:large","max-video-preview":"max-video-preview:-1"},"canonical":"https:\/\/www.almega.se\/aktiviteter\/avtalskurs-bransch-vard-och-behandlingsverksamhet-samt-omsorgsverksamhet-och-bransch-aldreomsorg-2-delar\/","og_locale":"sv_SE","og_type":"article","og_title":"Avtalskurs bransch v\u00e5rd och behandlingsverksamhet samt omsorgsverksamhet och bransch \u00e4ldreomsorg, 2 delar","og_description":"P\u00e5 Almegas branschanpassade kollektivavtalskurser tar vi upp reglerna som styr relationen mellan arbetsgivare och arbetstagare med ditt kollektivavtal i fokus. Vi ser \u00f6ver de regler och lagar som styr din bransch och varvar teori med praktiska exempel.","og_url":"https:\/\/www.almega.se\/aktiviteter\/avtalskurs-bransch-vard-och-behandlingsverksamhet-samt-omsorgsverksamhet-och-bransch-aldreomsorg-2-delar\/","og_site_name":"Almega","article_modified_time":"2026-02-06T23:01:18+00:00","og_image":[{"width":1200,"height":630,"url":"https:\/\/www.almega.se\/app\/uploads\/2020\/12\/almega-share-logo.png","type":"image\/png"}],"twitter_card":"summary_large_image","twitter_misc":{"Ber\u00e4knad l\u00e4stid":"1 minut"},"schema":{"@context":"https:\/\/schema.org","@graph":[{"@type":"WebPage","@id":"https:\/\/www.almega.se\/aktiviteter\/avtalskurs-bransch-vard-och-behandlingsverksamhet-samt-omsorgsverksamhet-och-bransch-aldreomsorg-2-delar\/","url":"https:\/\/www.almega.se\/aktiviteter\/avtalskurs-bransch-vard-och-behandlingsverksamhet-samt-omsorgsverksamhet-och-bransch-aldreomsorg-2-delar\/","name":"Avtalskurs bransch v\u00e5rd och behandlingsverksamhet samt omsorgsverksamhet och bransch \u00e4ldreomsorg, 2 delar | Almega","isPartOf":{"@id":"https:\/\/www.almega.se\/#website"},"datePublished":"2024-06-28T08:01:10+00:00","dateModified":"2026-02-06T23:01:18+00:00","breadcrumb":{"@id":"https:\/\/www.almega.se\/aktiviteter\/avtalskurs-bransch-vard-och-behandlingsverksamhet-samt-omsorgsverksamhet-och-bransch-aldreomsorg-2-delar\/#breadcrumb"},"inLanguage":"sv-SE","potentialAction":[{"@type":"ReadAction","target":["https:\/\/www.almega.se\/aktiviteter\/avtalskurs-bransch-vard-och-behandlingsverksamhet-samt-omsorgsverksamhet-och-bransch-aldreomsorg-2-delar\/"]}]},{"@type":"BreadcrumbList","@id":"https:\/\/www.almega.se\/aktiviteter\/avtalskurs-bransch-vard-och-behandlingsverksamhet-samt-omsorgsverksamhet-och-bransch-aldreomsorg-2-delar\/#breadcrumb","itemListElement":[{"@type":"ListItem","position":1,"name":"Home","item":"https:\/\/www.almega.se\/"},{"@type":"ListItem","position":2,"name":"Aktiviteter","item":"https:\/\/www.almega.se\/aktiviteter\/"},{"@type":"ListItem","position":3,"name":"Avtalskurs bransch v\u00e5rd och behandlings&shy;verksamhet samt omsorgs&shy;verksamhet och bransch \u00e4ldreomsorg, 2 delar"}]},{"@type":"WebSite","@id":"https:\/\/www.almega.se\/#website","url":"https:\/\/www.almega.se\/","name":"Almega","description":"","potentialAction":[{"@type":"SearchAction","target":{"@type":"EntryPoint","urlTemplate":"https:\/\/www.almega.se\/?s={search_term_string}"},"query-input":{"@type":"PropertyValueSpecification","valueRequired":true,"valueName":"search_term_string"}}],"inLanguage":"sv-SE"}]}},"_links":{"self":[{"href":"https:\/\/www.almega.se\/api\/wp\/v2\/event\/74749","targetHints":{"allow":["GET"]}}],"collection":[{"href":"https:\/\/www.almega.se\/api\/wp\/v2\/event"}],"about":[{"href":"https:\/\/www.almega.se\/api\/wp\/v2\/types\/event"}],"wp:attachment":[{"href":"https:\/\/www.almega.se\/api\/wp\/v2\/media?parent=74749"}],"wp:term":[{"taxonomy":"eventcat","embeddable":true,"href":"https:\/\/www.almega.se\/api\/wp\/v2\/eventcat?post=74749"},{"taxonomy":"eventtype","embeddable":true,"href":"https:\/\/www.almega.se\/api\/wp\/v2\/eventtype?post=74749"},{"taxonomy":"eventformat","embeddable":true,"href":"https:\/\/www.almega.se\/api\/wp\/v2\/eventformat?post=74749"},{"taxonomy":"agreement","embeddable":true,"href":"https:\/\/www.almega.se\/api\/wp\/v2\/agreement?post=74749"}],"curies":[{"name":"wp","href":"https:\/\/api.w.org\/{rel}","templated":true}]}}

Avtalskurs bransch vård och behandlings&shy;verksamhet samt omsorgs&shy;verksamhet och bransch äldreomsorg, 2 delar

<div class="wp-block wp-block-classic-editor">
<p class="intro">På Almegas branschanpassade kollektivavtalskurser tar vi upp reglerna som styr relationen mellan arbetsgivare och arbetstagare med ditt kollektivavtal i fokus. Vi ser över de regler och lagar som styr din bransch och varvar teori med praktiska exempel.</p>
<h2><strong>Detta får du i kursen</strong></h2>
<p><strong><br /></strong>Under kursen får du en genomgång av de anställningsvillkor som gäller i aktuellt kollektivavtal i kombination med de lagar som gäller på området. Vi går igenom villkor vid anställningens ingående och vilka anställningsformer som gäller, hur arbetstid hanteras och vilka regler gäller i avtalet och vilka frånvaroregler det finns. Vi kommer även att diskutera anställningens upphörande, uppsägningstider och formalia krav.</p>
<h2>Kursledare</h2>
<p>arbetsrättsjurister/arbetsrättsexperter från Vårdföretagarna</p>
</p>
<h2>Övrig information</h2>
<p>Som deltagare har du möjlighet att ställa frågor via chatt under kursen.<br />Information om hur du ansluter dig till kursen skickas i en separat kallelse.&nbsp;</p>
<p>Kursen är uppdelad i <strong>två delar som hålls vid två olika datum</strong> och du får en bekräftelse för båda delarna.</p>
<p></p>
<h2><strong>Pris</strong></h2>
<p>1995 kr exkl moms för medlemmar<br />6900 kr exkl moms för icke-medlemmar</p>
<p></p>
<p></p>
<h2>Målgrupp</h2>
<p>Vi vänder oss i första hand till dig som är chef eller medarbetare som fattar beslut eller arbetar med villkorsfrågor. Avtalskursen ger dig en bra genomgång av kollektivavtalet oavsett om du är ny i din roll eller i behov av en repetition.</p>
</div>

<p>På Almegas branschanpassade kollektivavtalskurser tar vi upp reglerna som styr relationen mellan arbetsgivare och arbetstagare med ditt kollektivavtal i fokus. Vi ser över de regler och lagar som styr din bransch och varvar teori med praktiska exempel.</p>

<!-- This site is optimized with the Yoast SEO Premium plugin v26.8 (Yoast SEO v26.8) - https://yoast.com/product/yoast-seo-premium-wordpress/ -->
<title>Avtalskurs bransch vård och behandlingsverksamhet samt omsorgsverksamhet och bransch äldreomsorg, 2 delar | Almega</title>
<meta name="robots" content="index, follow, max-snippet:-1, max-image-preview:large, max-video-preview:-1" />
<link rel="canonical" href="https://www.almega.se/aktiviteter/avtalskurs-bransch-vard-och-behandlingsverksamhet-samt-omsorgsverksamhet-och-bransch-aldreomsorg-2-delar/" />
<meta property="og:locale" content="sv_SE" />
<meta property="og:type" content="article" />
<meta property="og:title" content="Avtalskurs bransch vård och behandlingsverksamhet samt omsorgsverksamhet och bransch äldreomsorg, 2 delar" />
<meta property="og:description" content="På Almegas branschanpassade kollektivavtalskurser tar vi upp reglerna som styr relationen mellan arbetsgivare och arbetstagare med ditt kollektivavtal i fokus. Vi ser över de regler och lagar som styr din bransch och varvar teori med praktiska exempel." />
<meta property="og:url" content="https://www.almega.se/aktiviteter/avtalskurs-bransch-vard-och-behandlingsverksamhet-samt-omsorgsverksamhet-och-bransch-aldreomsorg-2-delar/" />
<meta property="og:site_name" content="Almega" />
<meta property="article:modified_time" content="2026-02-06T23:01:18+00:00" />
<meta property="og:image" content="https://www.almega.se/app/uploads/2020/12/almega-share-logo.png" />
	<meta property="og:image:width" content="1200" />
	<meta property="og:image:height" content="630" />
	<meta property="og:image:type" content="image/png" />
<meta name="twitter:card" content="summary_large_image" />
<meta name="twitter:label1" content="Beräknad lästid" />
	<meta name="twitter:data1" content="1 minut" />
<script type="application/ld+json" class="yoast-schema-graph">{"@context":"https://schema.org","@graph":[{"@type":"WebPage","@id":"https://www.almega.se/aktiviteter/avtalskurs-bransch-vard-och-behandlingsverksamhet-samt-omsorgsverksamhet-och-bransch-aldreomsorg-2-delar/","url":"https://www.almega.se/aktiviteter/avtalskurs-bransch-vard-och-behandlingsverksamhet-samt-omsorgsverksamhet-och-bransch-aldreomsorg-2-delar/","name":"Avtalskurs bransch vård och behandlingsverksamhet samt omsorgsverksamhet och bransch äldreomsorg, 2 delar | Almega","isPartOf":{"@id":"https://www.almega.se/#website"},"datePublished":"2024-06-28T08:01:10+00:00","dateModified":"2026-02-06T23:01:18+00:00","breadcrumb":{"@id":"https://www.almega.se/aktiviteter/avtalskurs-bransch-vard-och-behandlingsverksamhet-samt-omsorgsverksamhet-och-bransch-aldreomsorg-2-delar/#breadcrumb"},"inLanguage":"sv-SE","potentialAction":[{"@type":"ReadAction","target":["https://www.almega.se/aktiviteter/avtalskurs-bransch-vard-och-behandlingsverksamhet-samt-omsorgsverksamhet-och-bransch-aldreomsorg-2-delar/"]}]},{"@type":"BreadcrumbList","@id":"https://www.almega.se/aktiviteter/avtalskurs-bransch-vard-och-behandlingsverksamhet-samt-omsorgsverksamhet-och-bransch-aldreomsorg-2-delar/#breadcrumb","itemListElement":[{"@type":"ListItem","position":1,"name":"Home","item":"https://www.almega.se/"},{"@type":"ListItem","position":2,"name":"Aktiviteter","item":"https://www.almega.se/aktiviteter/"},{"@type":"ListItem","position":3,"name":"Avtalskurs bransch vård och behandlings&shy;verksamhet samt omsorgs&shy;verksamhet och bransch äldreomsorg, 2 delar"}]},{"@type":"WebSite","@id":"https://www.almega.se/#website","url":"https://www.almega.se/","name":"Almega","description":"","potentialAction":[{"@type":"SearchAction","target":{"@type":"EntryPoint","urlTemplate":"https://www.almega.se/?s={search_term_string}"},"query-input":{"@type":"PropertyValueSpecification","valueRequired":true,"valueName":"search_term_string"}}],"inLanguage":"sv-SE"}]}</script>
<!-- / Yoast SEO Premium plugin. -->

Avtalskurs bransch vård och behandlingsverksamhet samt omsorgsverksamhet och bransch äldreomsorg, 2 delar | Almega

Avtalskurs bransch vård och behandlingsverksamhet samt omsorgsverksamhet och bransch äldreomsorg, 2 delar

På Almegas branschanpassade kollektivavtalskurser tar vi upp reglerna som styr relationen mellan arbetsgivare och arbetstagare med ditt kollektivavtal i fokus. Vi ser över de regler och lagar som styr din bransch och varvar teori med praktiska exempel.
