{"id":72578,"date":"2024-04-04T09:40:29","date_gmt":"2024-04-04T07:40:29","guid":{"rendered":"https:\/\/www.almega.se\/aktiviteter\/kompetensforetagens-avtal-for-arbetare\/"},"modified":"2025-12-30T23:01:17","modified_gmt":"2025-12-30T22:01:17","slug":"kompetensforetagens-avtal-for-arbetare","status":"publish","type":"event","link":"https:\/\/www.almega.se\/aktiviteter\/kompetensforetagens-avtal-for-arbetare\/","title":{"rendered":"Kompetens&shy;f\u00f6retagens avtal f\u00f6r arbetare"},"content":{"rendered":"<div class=\"wp-block wp-block-classic-editor\">\n<p class=\"intro\">V\u00e4lkommen till Almegas kollektivavtalskurs, som \u00e4r skr\u00e4ddarsydd f\u00f6r dig som medlem i Kompetensf\u00f6retagen. Vi tar upp reglerna som styr relationen mellan arbetsgivare och arbetstagare med ditt branschspecifika kollektivavtal i fokus. Kursen \u00e4r &nbsp;en kombination av teori med praktiska exempel vilket ger dig en f\u00f6rst\u00e5else f\u00f6r de lagar och regler som p\u00e5verkar din bransch. <\/p>\n<p>Under kursen g\u00e5r vi igenom de anst\u00e4llningsvillkor som g\u00e4ller enligt det aktuella kollektivavtalet och de relevanta lagarna:&nbsp;<\/p>\n<ul>\n<li>Villkor vid anst\u00e4llningens b\u00f6rjan och olika anst\u00e4llningsformer<\/li>\n<li>Hantering av arbetstid och avtalsregler<\/li>\n<li>Regler f\u00f6r fr\u00e5nvaro<\/li>\n<li>Anst\u00e4llningens upph\u00f6rande, inklusive upps\u00e4gningstider, formalia krav och liknande<\/li>\n<\/ul>\n<h2><strong>Praktiska detaljer<\/strong><\/h2>\n<p>Som deltagare har du m\u00f6jlighet att st\u00e4lla fr\u00e5gor via chatt under kursen.<br \/>Information om hur du ansluter dig till kursen skickas i en separat kallelse.&nbsp;<\/p>\n<p>Kursen \u00e4r uppdelad i <strong>tv\u00e5 delar som h\u00e5lls vid tv\u00e5 olika datum<\/strong> och du f\u00e5r en bekr\u00e4ftelse f\u00f6r b\u00e5da delarna.<\/p>\n<p><\/p>\n<h2><strong>Pris<\/strong><\/h2>\n<p>1995 kr exkl moms f\u00f6r medlemmar<br \/>6900 kr exkl moms f\u00f6r icke-medlemmar<\/p>\n<p><\/p>\n<h2>M\u00e5lgrupp<\/h2>\n<p>Vi v\u00e4nder oss till&nbsp;<strong>medlemmar i Kompetensf\u00f6retagen <\/strong>som arbetar med<strong> Bemanningsavtalet, LO<\/strong>. <\/p>\n<p>Inga f\u00f6rkunskaper kr\u00e4vs.\n<\/p>\n<h2>Citat<\/h2>\n<p>Vad har tidigare deltagare sagt om kursen:<\/p>\n<p>\u201dBra material och bra presenterat\u201d<\/p>\n<p>\u201d&nbsp;Mycket kunniga och pedagogiska kursledare\u201d<\/p>\n<\/div>\n","protected":false},"excerpt":{"rendered":"<p>V\u00e4lkommen till Almegas kollektivavtalskurs, som \u00e4r skr\u00e4ddarsydd f\u00f6r dig som medlem i Kompetensf\u00f6retagen. Vi tar upp reglerna som styr relationen mellan arbetsgivare och arbetstagare med ditt branschspecifika kollektivavtal i fokus. Kursen \u00e4r &nbsp;en kombination av teori med praktiska exempel vilket ger dig en f\u00f6rst\u00e5else f\u00f6r de lagar och regler som p\u00e5verkar din bransch. <\/p>\n","protected":false},"featured_media":80508,"template":"","eventcat":[102],"eventtype":[790],"eventformat":[789],"agreement":[],"class_list":["post-72578","event","type-event","status-publish","has-post-thumbnail","hentry","eventcat-kollektivavtal","eventtype-kurs","eventformat-distans"],"acf":[],"yoast_head":"<!-- This site is optimized with the Yoast SEO Premium plugin v26.8 (Yoast SEO v26.8) - https:\/\/yoast.com\/product\/yoast-seo-premium-wordpress\/ -->\n<title>Kompetensf\u00f6retagens avtal f\u00f6r arbetare | Almega<\/title>\n<meta name=\"robots\" content=\"index, follow, max-snippet:-1, max-image-preview:large, max-video-preview:-1\" \/>\n<link rel=\"canonical\" href=\"https:\/\/www.almega.se\/aktiviteter\/kompetensforetagens-avtal-for-arbetare\/\" \/>\n<meta property=\"og:locale\" content=\"sv_SE\" \/>\n<meta property=\"og:type\" content=\"article\" \/>\n<meta property=\"og:title\" content=\"Kompetensf\u00f6retagens avtal f\u00f6r arbetare\" \/>\n<meta property=\"og:description\" content=\"V\u00e4lkommen till Almegas kollektivavtalskurs, som \u00e4r skr\u00e4ddarsydd f\u00f6r dig som medlem i Kompetensf\u00f6retagen. Vi tar upp reglerna som styr relationen mellan arbetsgivare och arbetstagare med ditt branschspecifika kollektivavtal i fokus. Kursen \u00e4r &nbsp;en kombination av teori med praktiska exempel vilket ger dig en f\u00f6rst\u00e5else f\u00f6r de lagar och regler som p\u00e5verkar din bransch.\" \/>\n<meta property=\"og:url\" content=\"https:\/\/www.almega.se\/aktiviteter\/kompetensforetagens-avtal-for-arbetare\/\" \/>\n<meta property=\"og:site_name\" content=\"Almega\" \/>\n<meta property=\"article:modified_time\" content=\"2025-12-30T22:01:17+00:00\" \/>\n<meta property=\"og:image\" content=\"https:\/\/www.almega.se\/app\/uploads\/2025\/06\/masma111866.jpg\" \/>\n\t<meta property=\"og:image:width\" content=\"2500\" \/>\n\t<meta property=\"og:image:height\" content=\"1664\" \/>\n\t<meta property=\"og:image:type\" content=\"image\/jpeg\" \/>\n<meta name=\"twitter:card\" content=\"summary_large_image\" \/>\n<meta name=\"twitter:label1\" content=\"Ber\u00e4knad l\u00e4stid\" \/>\n\t<meta name=\"twitter:data1\" content=\"1 minut\" \/>\n<script type=\"application\/ld+json\" class=\"yoast-schema-graph\">{\"@context\":\"https:\/\/schema.org\",\"@graph\":[{\"@type\":\"WebPage\",\"@id\":\"https:\/\/www.almega.se\/aktiviteter\/kompetensforetagens-avtal-for-arbetare\/\",\"url\":\"https:\/\/www.almega.se\/aktiviteter\/kompetensforetagens-avtal-for-arbetare\/\",\"name\":\"Kompetensf\u00f6retagens avtal f\u00f6r arbetare | Almega\",\"isPartOf\":{\"@id\":\"https:\/\/www.almega.se\/#website\"},\"primaryImageOfPage\":{\"@id\":\"https:\/\/www.almega.se\/aktiviteter\/kompetensforetagens-avtal-for-arbetare\/#primaryimage\"},\"image\":{\"@id\":\"https:\/\/www.almega.se\/aktiviteter\/kompetensforetagens-avtal-for-arbetare\/#primaryimage\"},\"thumbnailUrl\":\"https:\/\/www.almega.se\/app\/uploads\/2025\/06\/masma111866.jpg\",\"datePublished\":\"2024-04-04T07:40:29+00:00\",\"dateModified\":\"2025-12-30T22:01:17+00:00\",\"breadcrumb\":{\"@id\":\"https:\/\/www.almega.se\/aktiviteter\/kompetensforetagens-avtal-for-arbetare\/#breadcrumb\"},\"inLanguage\":\"sv-SE\",\"potentialAction\":[{\"@type\":\"ReadAction\",\"target\":[\"https:\/\/www.almega.se\/aktiviteter\/kompetensforetagens-avtal-for-arbetare\/\"]}]},{\"@type\":\"ImageObject\",\"inLanguage\":\"sv-SE\",\"@id\":\"https:\/\/www.almega.se\/aktiviteter\/kompetensforetagens-avtal-for-arbetare\/#primaryimage\",\"url\":\"https:\/\/www.almega.se\/app\/uploads\/2025\/06\/masma111866.jpg\",\"contentUrl\":\"https:\/\/www.almega.se\/app\/uploads\/2025\/06\/masma111866.jpg\",\"width\":2500,\"height\":1664},{\"@type\":\"BreadcrumbList\",\"@id\":\"https:\/\/www.almega.se\/aktiviteter\/kompetensforetagens-avtal-for-arbetare\/#breadcrumb\",\"itemListElement\":[{\"@type\":\"ListItem\",\"position\":1,\"name\":\"Home\",\"item\":\"https:\/\/www.almega.se\/\"},{\"@type\":\"ListItem\",\"position\":2,\"name\":\"Aktiviteter\",\"item\":\"https:\/\/www.almega.se\/aktiviteter\/\"},{\"@type\":\"ListItem\",\"position\":3,\"name\":\"Kompetens&shy;f\u00f6retagens avtal f\u00f6r arbetare\"}]},{\"@type\":\"WebSite\",\"@id\":\"https:\/\/www.almega.se\/#website\",\"url\":\"https:\/\/www.almega.se\/\",\"name\":\"Almega\",\"description\":\"\",\"potentialAction\":[{\"@type\":\"SearchAction\",\"target\":{\"@type\":\"EntryPoint\",\"urlTemplate\":\"https:\/\/www.almega.se\/?s={search_term_string}\"},\"query-input\":{\"@type\":\"PropertyValueSpecification\",\"valueRequired\":true,\"valueName\":\"search_term_string\"}}],\"inLanguage\":\"sv-SE\"}]}<\/script>\n<!-- \/ Yoast SEO Premium plugin. -->","yoast_head_json":{"title":"Kompetensf\u00f6retagens avtal f\u00f6r arbetare | Almega","robots":{"index":"index","follow":"follow","max-snippet":"max-snippet:-1","max-image-preview":"max-image-preview:large","max-video-preview":"max-video-preview:-1"},"canonical":"https:\/\/www.almega.se\/aktiviteter\/kompetensforetagens-avtal-for-arbetare\/","og_locale":"sv_SE","og_type":"article","og_title":"Kompetensf\u00f6retagens avtal f\u00f6r arbetare","og_description":"V\u00e4lkommen till Almegas kollektivavtalskurs, som \u00e4r skr\u00e4ddarsydd f\u00f6r dig som medlem i Kompetensf\u00f6retagen. Vi tar upp reglerna som styr relationen mellan arbetsgivare och arbetstagare med ditt branschspecifika kollektivavtal i fokus. Kursen \u00e4r &nbsp;en kombination av teori med praktiska exempel vilket ger dig en f\u00f6rst\u00e5else f\u00f6r de lagar och regler som p\u00e5verkar din bransch.","og_url":"https:\/\/www.almega.se\/aktiviteter\/kompetensforetagens-avtal-for-arbetare\/","og_site_name":"Almega","article_modified_time":"2025-12-30T22:01:17+00:00","og_image":[{"width":2500,"height":1664,"url":"https:\/\/www.almega.se\/app\/uploads\/2025\/06\/masma111866.jpg","type":"image\/jpeg"}],"twitter_card":"summary_large_image","twitter_misc":{"Ber\u00e4knad l\u00e4stid":"1 minut"},"schema":{"@context":"https:\/\/schema.org","@graph":[{"@type":"WebPage","@id":"https:\/\/www.almega.se\/aktiviteter\/kompetensforetagens-avtal-for-arbetare\/","url":"https:\/\/www.almega.se\/aktiviteter\/kompetensforetagens-avtal-for-arbetare\/","name":"Kompetensf\u00f6retagens avtal f\u00f6r arbetare | Almega","isPartOf":{"@id":"https:\/\/www.almega.se\/#website"},"primaryImageOfPage":{"@id":"https:\/\/www.almega.se\/aktiviteter\/kompetensforetagens-avtal-for-arbetare\/#primaryimage"},"image":{"@id":"https:\/\/www.almega.se\/aktiviteter\/kompetensforetagens-avtal-for-arbetare\/#primaryimage"},"thumbnailUrl":"https:\/\/www.almega.se\/app\/uploads\/2025\/06\/masma111866.jpg","datePublished":"2024-04-04T07:40:29+00:00","dateModified":"2025-12-30T22:01:17+00:00","breadcrumb":{"@id":"https:\/\/www.almega.se\/aktiviteter\/kompetensforetagens-avtal-for-arbetare\/#breadcrumb"},"inLanguage":"sv-SE","potentialAction":[{"@type":"ReadAction","target":["https:\/\/www.almega.se\/aktiviteter\/kompetensforetagens-avtal-for-arbetare\/"]}]},{"@type":"ImageObject","inLanguage":"sv-SE","@id":"https:\/\/www.almega.se\/aktiviteter\/kompetensforetagens-avtal-for-arbetare\/#primaryimage","url":"https:\/\/www.almega.se\/app\/uploads\/2025\/06\/masma111866.jpg","contentUrl":"https:\/\/www.almega.se\/app\/uploads\/2025\/06\/masma111866.jpg","width":2500,"height":1664},{"@type":"BreadcrumbList","@id":"https:\/\/www.almega.se\/aktiviteter\/kompetensforetagens-avtal-for-arbetare\/#breadcrumb","itemListElement":[{"@type":"ListItem","position":1,"name":"Home","item":"https:\/\/www.almega.se\/"},{"@type":"ListItem","position":2,"name":"Aktiviteter","item":"https:\/\/www.almega.se\/aktiviteter\/"},{"@type":"ListItem","position":3,"name":"Kompetens&shy;f\u00f6retagens avtal f\u00f6r arbetare"}]},{"@type":"WebSite","@id":"https:\/\/www.almega.se\/#website","url":"https:\/\/www.almega.se\/","name":"Almega","description":"","potentialAction":[{"@type":"SearchAction","target":{"@type":"EntryPoint","urlTemplate":"https:\/\/www.almega.se\/?s={search_term_string}"},"query-input":{"@type":"PropertyValueSpecification","valueRequired":true,"valueName":"search_term_string"}}],"inLanguage":"sv-SE"}]}},"_links":{"self":[{"href":"https:\/\/www.almega.se\/api\/wp\/v2\/event\/72578","targetHints":{"allow":["GET"]}}],"collection":[{"href":"https:\/\/www.almega.se\/api\/wp\/v2\/event"}],"about":[{"href":"https:\/\/www.almega.se\/api\/wp\/v2\/types\/event"}],"wp:featuredmedia":[{"embeddable":true,"href":"https:\/\/www.almega.se\/api\/wp\/v2\/media\/80508"}],"wp:attachment":[{"href":"https:\/\/www.almega.se\/api\/wp\/v2\/media?parent=72578"}],"wp:term":[{"taxonomy":"eventcat","embeddable":true,"href":"https:\/\/www.almega.se\/api\/wp\/v2\/eventcat?post=72578"},{"taxonomy":"eventtype","embeddable":true,"href":"https:\/\/www.almega.se\/api\/wp\/v2\/eventtype?post=72578"},{"taxonomy":"eventformat","embeddable":true,"href":"https:\/\/www.almega.se\/api\/wp\/v2\/eventformat?post=72578"},{"taxonomy":"agreement","embeddable":true,"href":"https:\/\/www.almega.se\/api\/wp\/v2\/agreement?post=72578"}],"curies":[{"name":"wp","href":"https:\/\/api.w.org\/{rel}","templated":true}]}}

Kompetens&shy;företagens avtal för arbetare

<div class="wp-block wp-block-classic-editor">
<p class="intro">Välkommen till Almegas kollektivavtalskurs, som är skräddarsydd för dig som medlem i Kompetensföretagen. Vi tar upp reglerna som styr relationen mellan arbetsgivare och arbetstagare med ditt branschspecifika kollektivavtal i fokus. Kursen är &nbsp;en kombination av teori med praktiska exempel vilket ger dig en förståelse för de lagar och regler som påverkar din bransch. </p>
<p>Under kursen går vi igenom de anställningsvillkor som gäller enligt det aktuella kollektivavtalet och de relevanta lagarna:&nbsp;</p>
<ul>
<li>Villkor vid anställningens början och olika anställningsformer</li>
<li>Hantering av arbetstid och avtalsregler</li>
<li>Regler för frånvaro</li>
<li>Anställningens upphörande, inklusive uppsägningstider, formalia krav och liknande</li>
</ul>
<h2><strong>Praktiska detaljer</strong></h2>
<p>Som deltagare har du möjlighet att ställa frågor via chatt under kursen.<br />Information om hur du ansluter dig till kursen skickas i en separat kallelse.&nbsp;</p>
<p>Kursen är uppdelad i <strong>två delar som hålls vid två olika datum</strong> och du får en bekräftelse för båda delarna.</p>
<p></p>
<h2><strong>Pris</strong></h2>
<p>1995 kr exkl moms för medlemmar<br />6900 kr exkl moms för icke-medlemmar</p>
<p></p>
<h2>Målgrupp</h2>
<p>Vi vänder oss till&nbsp;<strong>medlemmar i Kompetensföretagen </strong>som arbetar med<strong> Bemanningsavtalet, LO</strong>. </p>
<p>Inga förkunskaper krävs.
</p>
<h2>Citat</h2>
<p>Vad har tidigare deltagare sagt om kursen:</p>
<p>”Bra material och bra presenterat”</p>
<p>”&nbsp;Mycket kunniga och pedagogiska kursledare”</p>
</div>

<p>Välkommen till Almegas kollektivavtalskurs, som är skräddarsydd för dig som medlem i Kompetensföretagen. Vi tar upp reglerna som styr relationen mellan arbetsgivare och arbetstagare med ditt branschspecifika kollektivavtal i fokus. Kursen är &nbsp;en kombination av teori med praktiska exempel vilket ger dig en förståelse för de lagar och regler som påverkar din bransch. </p>

<!-- This site is optimized with the Yoast SEO Premium plugin v26.8 (Yoast SEO v26.8) - https://yoast.com/product/yoast-seo-premium-wordpress/ -->
<title>Kompetensföretagens avtal för arbetare | Almega</title>
<meta name="robots" content="index, follow, max-snippet:-1, max-image-preview:large, max-video-preview:-1" />
<link rel="canonical" href="https://www.almega.se/aktiviteter/kompetensforetagens-avtal-for-arbetare/" />
<meta property="og:locale" content="sv_SE" />
<meta property="og:type" content="article" />
<meta property="og:title" content="Kompetensföretagens avtal för arbetare" />
<meta property="og:description" content="Välkommen till Almegas kollektivavtalskurs, som är skräddarsydd för dig som medlem i Kompetensföretagen. Vi tar upp reglerna som styr relationen mellan arbetsgivare och arbetstagare med ditt branschspecifika kollektivavtal i fokus. Kursen är &nbsp;en kombination av teori med praktiska exempel vilket ger dig en förståelse för de lagar och regler som påverkar din bransch." />
<meta property="og:url" content="https://www.almega.se/aktiviteter/kompetensforetagens-avtal-for-arbetare/" />
<meta property="og:site_name" content="Almega" />
<meta property="article:modified_time" content="2025-12-30T22:01:17+00:00" />
<meta property="og:image" content="https://www.almega.se/app/uploads/2025/06/masma111866.jpg" />
	<meta property="og:image:width" content="2500" />
	<meta property="og:image:height" content="1664" />
	<meta property="og:image:type" content="image/jpeg" />
<meta name="twitter:card" content="summary_large_image" />
<meta name="twitter:label1" content="Beräknad lästid" />
	<meta name="twitter:data1" content="1 minut" />
<script type="application/ld+json" class="yoast-schema-graph">{"@context":"https://schema.org","@graph":[{"@type":"WebPage","@id":"https://www.almega.se/aktiviteter/kompetensforetagens-avtal-for-arbetare/","url":"https://www.almega.se/aktiviteter/kompetensforetagens-avtal-for-arbetare/","name":"Kompetensföretagens avtal för arbetare | Almega","isPartOf":{"@id":"https://www.almega.se/#website"},"primaryImageOfPage":{"@id":"https://www.almega.se/aktiviteter/kompetensforetagens-avtal-for-arbetare/#primaryimage"},"image":{"@id":"https://www.almega.se/aktiviteter/kompetensforetagens-avtal-for-arbetare/#primaryimage"},"thumbnailUrl":"https://www.almega.se/app/uploads/2025/06/masma111866.jpg","datePublished":"2024-04-04T07:40:29+00:00","dateModified":"2025-12-30T22:01:17+00:00","breadcrumb":{"@id":"https://www.almega.se/aktiviteter/kompetensforetagens-avtal-for-arbetare/#breadcrumb"},"inLanguage":"sv-SE","potentialAction":[{"@type":"ReadAction","target":["https://www.almega.se/aktiviteter/kompetensforetagens-avtal-for-arbetare/"]}]},{"@type":"ImageObject","inLanguage":"sv-SE","@id":"https://www.almega.se/aktiviteter/kompetensforetagens-avtal-for-arbetare/#primaryimage","url":"https://www.almega.se/app/uploads/2025/06/masma111866.jpg","contentUrl":"https://www.almega.se/app/uploads/2025/06/masma111866.jpg","width":2500,"height":1664},{"@type":"BreadcrumbList","@id":"https://www.almega.se/aktiviteter/kompetensforetagens-avtal-for-arbetare/#breadcrumb","itemListElement":[{"@type":"ListItem","position":1,"name":"Home","item":"https://www.almega.se/"},{"@type":"ListItem","position":2,"name":"Aktiviteter","item":"https://www.almega.se/aktiviteter/"},{"@type":"ListItem","position":3,"name":"Kompetens&shy;företagens avtal för arbetare"}]},{"@type":"WebSite","@id":"https://www.almega.se/#website","url":"https://www.almega.se/","name":"Almega","description":"","potentialAction":[{"@type":"SearchAction","target":{"@type":"EntryPoint","urlTemplate":"https://www.almega.se/?s={search_term_string}"},"query-input":{"@type":"PropertyValueSpecification","valueRequired":true,"valueName":"search_term_string"}}],"inLanguage":"sv-SE"}]}</script>
<!-- / Yoast SEO Premium plugin. -->

Kompetensföretagens avtal för arbetare | Almega

Kompetensföretagens avtal för arbetare

Välkommen till Almegas kollektivavtalskurs, som är skräddarsydd för dig som medlem i Kompetensföretagen. Vi tar upp reglerna som styr relationen mellan arbetsgivare och arbetstagare med ditt branschspecifika kollektivavtal i fokus. Kursen är &nbsp;en kombination av teori med praktiska exempel vilket ger dig en förståelse för de lagar och regler som påverkar din bransch.
