{"id":69971,"date":"2023-12-21T11:37:13","date_gmt":"2023-12-21T10:37:13","guid":{"rendered":"https:\/\/www.almega.se\/aktiviteter\/kompetensforetagen-introduktion-till-bemanning-lakare-nya-medlemmar\/"},"modified":"2025-12-06T05:01:13","modified_gmt":"2025-12-06T04:01:13","slug":"kompetensforetagen-introduktion-till-bemanning-lakare-nya-medlemmar","status":"publish","type":"event","link":"https:\/\/www.almega.se\/aktiviteter\/kompetensforetagen-introduktion-till-bemanning-lakare-nya-medlemmar\/","title":{"rendered":"Kompetens&shy;f\u00f6retagen &#8211; Introduktion till Bemanning L\u00e4kare"},"content":{"rendered":"<div class=\"wp-block wp-block-classic-editor\">\n<p class=\"intro\">V\u00e4lkommen till den h\u00e4r introduktionskursen f\u00f6r&nbsp;nya&nbsp;medlemmar i Kompetensf\u00f6retagen&nbsp;d\u00e4r vi&nbsp;\u00f6vergripande g\u00e5r igenom&nbsp;de best\u00e4mmelser som g\u00e4ller enligt kollektivavtalet.&nbsp;<\/p>\n<p>V\u00e4lkommen till den h\u00e4r introduktionskursen f\u00f6r<strong>&nbsp;<\/strong><strong>nya<\/strong><strong>&nbsp;<\/strong><strong>medlemmar i Kompetensf\u00f6retagen<\/strong><strong>&nbsp;<\/strong>d\u00e4r vi<strong>&nbsp;<\/strong><strong>\u00f6vergripande g\u00e5r igenom&nbsp;<\/strong>de best\u00e4mmelser som g\u00e4ller enligt<strong>&nbsp;kollektivavtalet Bemanning L\u00e4kare.<\/strong><strong>&nbsp;<\/strong><\/p>\n<p>Vi g\u00e5r bland annat \u00f6versiktligt igenom <strong>anst\u00e4llningsformer, arbetstid, arbetsskyldighet, tillg\u00e4nglighetstid&nbsp;<\/strong>och <strong>l\u00f6n.&nbsp;<\/strong><\/p>\n<p>Kursen \u00e4r <strong>obligatorisk&nbsp;<\/strong>f\u00f6r dig som <strong>ny&nbsp;medlem&nbsp;i Kompetensf\u00f6retagen<\/strong> och som arbetar med<strong>&nbsp;<\/strong><strong>kollektivavtalet&nbsp;<\/strong><strong>Bemanning L\u00e4kare.<\/strong><\/p>\n<p><strong>\u00d6vrig information<\/strong><br \/>Som ny medlem ska du delta i\/ genomf\u00f6ra detta obligatoriska tillf\u00e4lle&nbsp;<strong>1 g\u00e5ng<\/strong>.&nbsp;<\/p>\n<p><strong>Tillg\u00e5ng till kursen<\/strong><br \/>Du har tillg\u00e5ng till kursen i <strong>30 dagar&nbsp;<\/strong>fr\u00e5n och med det datum du anm\u00e4lt dig och du genomf\u00f6r kursen n\u00e4r och d\u00e4r det passar dig b\u00e4st.<\/p>\n<h2>M\u00e5lgrupp<\/h2>\n<p>Vi v\u00e4nder oss till&nbsp;<strong data-mce-style=\"font-variant-ligatures: normal;\">nya medlemmar i Kompetensf\u00f6retagen<\/strong>&nbsp;som arbetar med<strong>&nbsp;Bemanning L\u00e4kare.<\/strong><\/p>\n<p>Kursen \u00e4r <strong id=\"isPasted\">kostnadsfri<\/strong> f\u00f6r<strong>&nbsp;nya medlemmar<\/strong> i Kompetensf\u00f6retagen. <\/p>\n<p>Du som <strong>redan \u00e4r medlem<\/strong> eller i behov av repetition \u00e4r <strong>v\u00e4lkommen till en kostnad<\/strong> av 575 kr exkl moms.&nbsp;<\/div>\n","protected":false},"excerpt":{"rendered":"<p>V\u00e4lkommen till den h\u00e4r introduktionskursen f\u00f6r&nbsp;nya&nbsp;medlemmar i Kompetensf\u00f6retagen&nbsp;d\u00e4r vi&nbsp;\u00f6vergripande g\u00e5r igenom&nbsp;de best\u00e4mmelser som g\u00e4ller enligt kollektivavtalet.&nbsp;<\/p>\n","protected":false},"featured_media":0,"template":"","eventcat":[102],"eventtype":[790],"eventformat":[796],"agreement":[],"class_list":["post-69971","event","type-event","status-publish","hentry","eventcat-kollektivavtal","eventtype-kurs","eventformat-starta-nar-du-vill"],"acf":[],"yoast_head":"<!-- This site is optimized with the Yoast SEO Premium plugin v26.8 (Yoast SEO v26.8) - https:\/\/yoast.com\/product\/yoast-seo-premium-wordpress\/ -->\n<title>Kompetensf\u00f6retagen - Introduktion till Bemanning L\u00e4kare | Almega<\/title>\n<meta name=\"robots\" content=\"index, follow, max-snippet:-1, max-image-preview:large, max-video-preview:-1\" \/>\n<link rel=\"canonical\" href=\"https:\/\/www.almega.se\/aktiviteter\/kompetensforetagen-introduktion-till-bemanning-lakare-nya-medlemmar\/\" \/>\n<meta property=\"og:locale\" content=\"sv_SE\" \/>\n<meta property=\"og:type\" content=\"article\" \/>\n<meta property=\"og:title\" content=\"Kompetensf\u00f6retagen - Introduktion till Bemanning L\u00e4kare\" \/>\n<meta property=\"og:description\" content=\"V\u00e4lkommen till den h\u00e4r introduktionskursen f\u00f6r&nbsp;nya&nbsp;medlemmar i Kompetensf\u00f6retagen&nbsp;d\u00e4r vi&nbsp;\u00f6vergripande g\u00e5r igenom&nbsp;de best\u00e4mmelser som g\u00e4ller enligt kollektivavtalet.&nbsp;\" \/>\n<meta property=\"og:url\" content=\"https:\/\/www.almega.se\/aktiviteter\/kompetensforetagen-introduktion-till-bemanning-lakare-nya-medlemmar\/\" \/>\n<meta property=\"og:site_name\" content=\"Almega\" \/>\n<meta property=\"article:modified_time\" content=\"2025-12-06T04:01:13+00:00\" \/>\n<meta property=\"og:image\" content=\"https:\/\/www.almega.se\/app\/uploads\/2020\/12\/almega-share-logo.png\" \/>\n\t<meta property=\"og:image:width\" content=\"1200\" \/>\n\t<meta property=\"og:image:height\" content=\"630\" \/>\n\t<meta property=\"og:image:type\" content=\"image\/png\" \/>\n<meta name=\"twitter:card\" content=\"summary_large_image\" \/>\n<meta name=\"twitter:label1\" content=\"Ber\u00e4knad l\u00e4stid\" \/>\n\t<meta name=\"twitter:data1\" content=\"1 minut\" \/>\n<script type=\"application\/ld+json\" class=\"yoast-schema-graph\">{\"@context\":\"https:\/\/schema.org\",\"@graph\":[{\"@type\":\"WebPage\",\"@id\":\"https:\/\/www.almega.se\/aktiviteter\/kompetensforetagen-introduktion-till-bemanning-lakare-nya-medlemmar\/\",\"url\":\"https:\/\/www.almega.se\/aktiviteter\/kompetensforetagen-introduktion-till-bemanning-lakare-nya-medlemmar\/\",\"name\":\"Kompetensf\u00f6retagen - Introduktion till Bemanning L\u00e4kare | Almega\",\"isPartOf\":{\"@id\":\"https:\/\/www.almega.se\/#website\"},\"datePublished\":\"2023-12-21T10:37:13+00:00\",\"dateModified\":\"2025-12-06T04:01:13+00:00\",\"breadcrumb\":{\"@id\":\"https:\/\/www.almega.se\/aktiviteter\/kompetensforetagen-introduktion-till-bemanning-lakare-nya-medlemmar\/#breadcrumb\"},\"inLanguage\":\"sv-SE\",\"potentialAction\":[{\"@type\":\"ReadAction\",\"target\":[\"https:\/\/www.almega.se\/aktiviteter\/kompetensforetagen-introduktion-till-bemanning-lakare-nya-medlemmar\/\"]}]},{\"@type\":\"BreadcrumbList\",\"@id\":\"https:\/\/www.almega.se\/aktiviteter\/kompetensforetagen-introduktion-till-bemanning-lakare-nya-medlemmar\/#breadcrumb\",\"itemListElement\":[{\"@type\":\"ListItem\",\"position\":1,\"name\":\"Home\",\"item\":\"https:\/\/www.almega.se\/\"},{\"@type\":\"ListItem\",\"position\":2,\"name\":\"Aktiviteter\",\"item\":\"https:\/\/www.almega.se\/aktiviteter\/\"},{\"@type\":\"ListItem\",\"position\":3,\"name\":\"Kompetens&shy;f\u00f6retagen &#8211; Introduktion till Bemanning L\u00e4kare\"}]},{\"@type\":\"WebSite\",\"@id\":\"https:\/\/www.almega.se\/#website\",\"url\":\"https:\/\/www.almega.se\/\",\"name\":\"Almega\",\"description\":\"\",\"potentialAction\":[{\"@type\":\"SearchAction\",\"target\":{\"@type\":\"EntryPoint\",\"urlTemplate\":\"https:\/\/www.almega.se\/?s={search_term_string}\"},\"query-input\":{\"@type\":\"PropertyValueSpecification\",\"valueRequired\":true,\"valueName\":\"search_term_string\"}}],\"inLanguage\":\"sv-SE\"}]}<\/script>\n<!-- \/ Yoast SEO Premium plugin. -->","yoast_head_json":{"title":"Kompetensf\u00f6retagen - Introduktion till Bemanning L\u00e4kare | Almega","robots":{"index":"index","follow":"follow","max-snippet":"max-snippet:-1","max-image-preview":"max-image-preview:large","max-video-preview":"max-video-preview:-1"},"canonical":"https:\/\/www.almega.se\/aktiviteter\/kompetensforetagen-introduktion-till-bemanning-lakare-nya-medlemmar\/","og_locale":"sv_SE","og_type":"article","og_title":"Kompetensf\u00f6retagen - Introduktion till Bemanning L\u00e4kare","og_description":"V\u00e4lkommen till den h\u00e4r introduktionskursen f\u00f6r&nbsp;nya&nbsp;medlemmar i Kompetensf\u00f6retagen&nbsp;d\u00e4r vi&nbsp;\u00f6vergripande g\u00e5r igenom&nbsp;de best\u00e4mmelser som g\u00e4ller enligt kollektivavtalet.&nbsp;","og_url":"https:\/\/www.almega.se\/aktiviteter\/kompetensforetagen-introduktion-till-bemanning-lakare-nya-medlemmar\/","og_site_name":"Almega","article_modified_time":"2025-12-06T04:01:13+00:00","og_image":[{"width":1200,"height":630,"url":"https:\/\/www.almega.se\/app\/uploads\/2020\/12\/almega-share-logo.png","type":"image\/png"}],"twitter_card":"summary_large_image","twitter_misc":{"Ber\u00e4knad l\u00e4stid":"1 minut"},"schema":{"@context":"https:\/\/schema.org","@graph":[{"@type":"WebPage","@id":"https:\/\/www.almega.se\/aktiviteter\/kompetensforetagen-introduktion-till-bemanning-lakare-nya-medlemmar\/","url":"https:\/\/www.almega.se\/aktiviteter\/kompetensforetagen-introduktion-till-bemanning-lakare-nya-medlemmar\/","name":"Kompetensf\u00f6retagen - Introduktion till Bemanning L\u00e4kare | Almega","isPartOf":{"@id":"https:\/\/www.almega.se\/#website"},"datePublished":"2023-12-21T10:37:13+00:00","dateModified":"2025-12-06T04:01:13+00:00","breadcrumb":{"@id":"https:\/\/www.almega.se\/aktiviteter\/kompetensforetagen-introduktion-till-bemanning-lakare-nya-medlemmar\/#breadcrumb"},"inLanguage":"sv-SE","potentialAction":[{"@type":"ReadAction","target":["https:\/\/www.almega.se\/aktiviteter\/kompetensforetagen-introduktion-till-bemanning-lakare-nya-medlemmar\/"]}]},{"@type":"BreadcrumbList","@id":"https:\/\/www.almega.se\/aktiviteter\/kompetensforetagen-introduktion-till-bemanning-lakare-nya-medlemmar\/#breadcrumb","itemListElement":[{"@type":"ListItem","position":1,"name":"Home","item":"https:\/\/www.almega.se\/"},{"@type":"ListItem","position":2,"name":"Aktiviteter","item":"https:\/\/www.almega.se\/aktiviteter\/"},{"@type":"ListItem","position":3,"name":"Kompetens&shy;f\u00f6retagen &#8211; Introduktion till Bemanning L\u00e4kare"}]},{"@type":"WebSite","@id":"https:\/\/www.almega.se\/#website","url":"https:\/\/www.almega.se\/","name":"Almega","description":"","potentialAction":[{"@type":"SearchAction","target":{"@type":"EntryPoint","urlTemplate":"https:\/\/www.almega.se\/?s={search_term_string}"},"query-input":{"@type":"PropertyValueSpecification","valueRequired":true,"valueName":"search_term_string"}}],"inLanguage":"sv-SE"}]}},"_links":{"self":[{"href":"https:\/\/www.almega.se\/api\/wp\/v2\/event\/69971","targetHints":{"allow":["GET"]}}],"collection":[{"href":"https:\/\/www.almega.se\/api\/wp\/v2\/event"}],"about":[{"href":"https:\/\/www.almega.se\/api\/wp\/v2\/types\/event"}],"wp:attachment":[{"href":"https:\/\/www.almega.se\/api\/wp\/v2\/media?parent=69971"}],"wp:term":[{"taxonomy":"eventcat","embeddable":true,"href":"https:\/\/www.almega.se\/api\/wp\/v2\/eventcat?post=69971"},{"taxonomy":"eventtype","embeddable":true,"href":"https:\/\/www.almega.se\/api\/wp\/v2\/eventtype?post=69971"},{"taxonomy":"eventformat","embeddable":true,"href":"https:\/\/www.almega.se\/api\/wp\/v2\/eventformat?post=69971"},{"taxonomy":"agreement","embeddable":true,"href":"https:\/\/www.almega.se\/api\/wp\/v2\/agreement?post=69971"}],"curies":[{"name":"wp","href":"https:\/\/api.w.org\/{rel}","templated":true}]}}

Kompetens&shy;företagen &#8211; Introduktion till Bemanning Läkare

<div class="wp-block wp-block-classic-editor">
<p class="intro">Välkommen till den här introduktionskursen för&nbsp;nya&nbsp;medlemmar i Kompetensföretagen&nbsp;där vi&nbsp;övergripande går igenom&nbsp;de bestämmelser som gäller enligt kollektivavtalet.&nbsp;</p>
<p>Välkommen till den här introduktionskursen för<strong>&nbsp;</strong><strong>nya</strong><strong>&nbsp;</strong><strong>medlemmar i Kompetensföretagen</strong><strong>&nbsp;</strong>där vi<strong>&nbsp;</strong><strong>övergripande går igenom&nbsp;</strong>de bestämmelser som gäller enligt<strong>&nbsp;kollektivavtalet Bemanning Läkare.</strong><strong>&nbsp;</strong></p>
<p>Vi går bland annat översiktligt igenom <strong>anställningsformer, arbetstid, arbetsskyldighet, tillgänglighetstid&nbsp;</strong>och <strong>lön.&nbsp;</strong></p>
<p>Kursen är <strong>obligatorisk&nbsp;</strong>för dig som <strong>ny&nbsp;medlem&nbsp;i Kompetensföretagen</strong> och som arbetar med<strong>&nbsp;</strong><strong>kollektivavtalet&nbsp;</strong><strong>Bemanning Läkare.</strong></p>
<p><strong>Övrig information</strong><br />Som ny medlem ska du delta i/ genomföra detta obligatoriska tillfälle&nbsp;<strong>1 gång</strong>.&nbsp;</p>
<p><strong>Tillgång till kursen</strong><br />Du har tillgång till kursen i <strong>30 dagar&nbsp;</strong>från och med det datum du anmält dig och du genomför kursen när och där det passar dig bäst.</p>
<h2>Målgrupp</h2>
<p>Vi vänder oss till&nbsp;<strong data-mce-style="font-variant-ligatures: normal;">nya medlemmar i Kompetensföretagen</strong>&nbsp;som arbetar med<strong>&nbsp;Bemanning Läkare.</strong></p>
<p>Kursen är <strong id="isPasted">kostnadsfri</strong> för<strong>&nbsp;nya medlemmar</strong> i Kompetensföretagen. </p>
<p>Du som <strong>redan är medlem</strong> eller i behov av repetition är <strong>välkommen till en kostnad</strong> av 575 kr exkl moms.&nbsp;</div>

<p>Välkommen till den här introduktionskursen för&nbsp;nya&nbsp;medlemmar i Kompetensföretagen&nbsp;där vi&nbsp;övergripande går igenom&nbsp;de bestämmelser som gäller enligt kollektivavtalet.&nbsp;</p>

<!-- This site is optimized with the Yoast SEO Premium plugin v26.8 (Yoast SEO v26.8) - https://yoast.com/product/yoast-seo-premium-wordpress/ -->
<title>Kompetensföretagen - Introduktion till Bemanning Läkare | Almega</title>
<meta name="robots" content="index, follow, max-snippet:-1, max-image-preview:large, max-video-preview:-1" />
<link rel="canonical" href="https://www.almega.se/aktiviteter/kompetensforetagen-introduktion-till-bemanning-lakare-nya-medlemmar/" />
<meta property="og:locale" content="sv_SE" />
<meta property="og:type" content="article" />
<meta property="og:title" content="Kompetensföretagen - Introduktion till Bemanning Läkare" />
<meta property="og:description" content="Välkommen till den här introduktionskursen för&nbsp;nya&nbsp;medlemmar i Kompetensföretagen&nbsp;där vi&nbsp;övergripande går igenom&nbsp;de bestämmelser som gäller enligt kollektivavtalet.&nbsp;" />
<meta property="og:url" content="https://www.almega.se/aktiviteter/kompetensforetagen-introduktion-till-bemanning-lakare-nya-medlemmar/" />
<meta property="og:site_name" content="Almega" />
<meta property="article:modified_time" content="2025-12-06T04:01:13+00:00" />
<meta property="og:image" content="https://www.almega.se/app/uploads/2020/12/almega-share-logo.png" />
	<meta property="og:image:width" content="1200" />
	<meta property="og:image:height" content="630" />
	<meta property="og:image:type" content="image/png" />
<meta name="twitter:card" content="summary_large_image" />
<meta name="twitter:label1" content="Beräknad lästid" />
	<meta name="twitter:data1" content="1 minut" />
<script type="application/ld+json" class="yoast-schema-graph">{"@context":"https://schema.org","@graph":[{"@type":"WebPage","@id":"https://www.almega.se/aktiviteter/kompetensforetagen-introduktion-till-bemanning-lakare-nya-medlemmar/","url":"https://www.almega.se/aktiviteter/kompetensforetagen-introduktion-till-bemanning-lakare-nya-medlemmar/","name":"Kompetensföretagen - Introduktion till Bemanning Läkare | Almega","isPartOf":{"@id":"https://www.almega.se/#website"},"datePublished":"2023-12-21T10:37:13+00:00","dateModified":"2025-12-06T04:01:13+00:00","breadcrumb":{"@id":"https://www.almega.se/aktiviteter/kompetensforetagen-introduktion-till-bemanning-lakare-nya-medlemmar/#breadcrumb"},"inLanguage":"sv-SE","potentialAction":[{"@type":"ReadAction","target":["https://www.almega.se/aktiviteter/kompetensforetagen-introduktion-till-bemanning-lakare-nya-medlemmar/"]}]},{"@type":"BreadcrumbList","@id":"https://www.almega.se/aktiviteter/kompetensforetagen-introduktion-till-bemanning-lakare-nya-medlemmar/#breadcrumb","itemListElement":[{"@type":"ListItem","position":1,"name":"Home","item":"https://www.almega.se/"},{"@type":"ListItem","position":2,"name":"Aktiviteter","item":"https://www.almega.se/aktiviteter/"},{"@type":"ListItem","position":3,"name":"Kompetens&shy;företagen &#8211; Introduktion till Bemanning Läkare"}]},{"@type":"WebSite","@id":"https://www.almega.se/#website","url":"https://www.almega.se/","name":"Almega","description":"","potentialAction":[{"@type":"SearchAction","target":{"@type":"EntryPoint","urlTemplate":"https://www.almega.se/?s={search_term_string}"},"query-input":{"@type":"PropertyValueSpecification","valueRequired":true,"valueName":"search_term_string"}}],"inLanguage":"sv-SE"}]}</script>
<!-- / Yoast SEO Premium plugin. -->

Kompetensföretagen - Introduktion till Bemanning Läkare | Almega

Kompetensföretagen - Introduktion till Bemanning Läkare

Välkommen till den här introduktionskursen för&nbsp;nya&nbsp;medlemmar i Kompetensföretagen&nbsp;där vi&nbsp;övergripande går igenom&nbsp;de bestämmelser som gäller enligt kollektivavtalet.&nbsp;
