{"version":"1.0","provider_name":"Almega","provider_url":"https:\/\/www.almega.se","author_name":"Sandra Mildenberger","author_url":"https:\/\/www.almega.se\/person\/sandramildenberger\/","title":"Podd: Stress och arbetsgivarens ansvar \u2013 hela avsnittet transkriberat","type":"rich","width":600,"height":338,"html":"<blockquote class=\"wp-embedded-content\" data-secret=\"w3EGHd3FC2\"><a href=\"https:\/\/www.almega.se\/2026\/04\/podd-stress-och-arbetsgivarens-ansvar-hela-avsnittet-transkriberat\/\">Podd: Stress och arbetsgivarens ansvar \u2013 hela avsnittet transkriberat<\/a><\/blockquote><iframe sandbox=\"allow-scripts\" security=\"restricted\" src=\"https:\/\/www.almega.se\/2026\/04\/podd-stress-och-arbetsgivarens-ansvar-hela-avsnittet-transkriberat\/embed\/#?secret=w3EGHd3FC2\" width=\"600\" height=\"338\" title=\"\u201dPodd: Stress och arbetsgivarens ansvar \u2013 hela avsnittet transkriberat\u201d &ndash; Almega\" data-secret=\"w3EGHd3FC2\" frameborder=\"0\" marginwidth=\"0\" marginheight=\"0\" scrolling=\"no\" class=\"wp-embedded-content\"><\/iframe><script>\n\/*! This file is auto-generated *\/\n!function(d,l){\"use strict\";l.querySelector&&d.addEventListener&&\"undefined\"!=typeof URL&&(d.wp=d.wp||{},d.wp.receiveEmbedMessage||(d.wp.receiveEmbedMessage=function(e){var t=e.data;if((t||t.secret||t.message||t.value)&&!\/[^a-zA-Z0-9]\/.test(t.secret)){for(var s,r,n,a=l.querySelectorAll('iframe[data-secret=\"'+t.secret+'\"]'),o=l.querySelectorAll('blockquote[data-secret=\"'+t.secret+'\"]'),c=new RegExp(\"^https?:$\",\"i\"),i=0;i<o.length;i++)o[i].style.display=\"none\";for(i=0;i<a.length;i++)s=a[i],e.source===s.contentWindow&&(s.removeAttribute(\"style\"),\"height\"===t.message?(1e3<(r=parseInt(t.value,10))?r=1e3:~~r<200&&(r=200),s.height=r):\"link\"===t.message&&(r=new URL(s.getAttribute(\"src\")),n=new URL(t.value),c.test(n.protocol))&&n.host===r.host&&l.activeElement===s&&(d.top.location.href=t.value))}},d.addEventListener(\"message\",d.wp.receiveEmbedMessage,!1),l.addEventListener(\"DOMContentLoaded\",function(){for(var e,t,s=l.querySelectorAll(\"iframe.wp-embedded-content\"),r=0;r<s.length;r++)(t=(e=s[r]).getAttribute(\"data-secret\"))||(t=Math.random().toString(36).substring(2,12),e.src+=\"#?secret=\"+t,e.setAttribute(\"data-secret\",t)),e.contentWindow.postMessage({message:\"ready\",secret:t},\"*\")},!1)))}(window,document);\n\/\/# sourceURL=https:\/\/www.almega.se\/wp\/wp-includes\/js\/wp-embed.min.js\n<\/script>\n","thumbnail_url":"https:\/\/www.almega.se\/app\/uploads\/2026\/04\/Webb-Almegapodden-2026-1180x664.png","thumbnail_width":1180,"thumbnail_height":664,"description":"Ann HallseniusStress \u00e4r ett ord som vi anv\u00e4nder dagligen, ibland slentrianm\u00e4ssigt. Men varf\u00f6r reagerar vi med stress? Alla blir v\u00e4l stressade ibland, men det som stressar ser v\u00e4ldigt olika ut fr\u00e5n person till person. Och &hellip;"}

Ann HallseniusStress är ett ord som vi använder dagligen, ibland slentrianmässigt. Men varför reagerar vi med stress? Alla blir väl stressade ibland, men det som stressar ser väldigt olika ut från person till person. Och &hellip;
