{"version":"1.0","provider_name":"Almega","provider_url":"https:\/\/www.almega.se","author_name":"Marianne Ahlgren","author_url":"https:\/\/www.almega.se\/person\/marianneahlgren\/","title":"Kommunals varsel hotar personlig assistans","type":"rich","width":600,"height":338,"html":"<blockquote class=\"wp-embedded-content\" data-secret=\"EtqzL7oBBs\"><a href=\"https:\/\/www.almega.se\/2025\/10\/kommunals-varsel-hotar-personlig-assistans-2\/\">Kommunals varsel hotar personlig assistans<\/a><\/blockquote><iframe sandbox=\"allow-scripts\" security=\"restricted\" src=\"https:\/\/www.almega.se\/2025\/10\/kommunals-varsel-hotar-personlig-assistans-2\/embed\/#?secret=EtqzL7oBBs\" width=\"600\" height=\"338\" title=\"\u201dKommunals varsel hotar personlig assistans\u201d &ndash; Almega\" data-secret=\"EtqzL7oBBs\" frameborder=\"0\" marginwidth=\"0\" marginheight=\"0\" scrolling=\"no\" class=\"wp-embedded-content\"><\/iframe><script>\n\/*! This file is auto-generated *\/\n!function(d,l){\"use strict\";l.querySelector&&d.addEventListener&&\"undefined\"!=typeof URL&&(d.wp=d.wp||{},d.wp.receiveEmbedMessage||(d.wp.receiveEmbedMessage=function(e){var t=e.data;if((t||t.secret||t.message||t.value)&&!\/[^a-zA-Z0-9]\/.test(t.secret)){for(var s,r,n,a=l.querySelectorAll('iframe[data-secret=\"'+t.secret+'\"]'),o=l.querySelectorAll('blockquote[data-secret=\"'+t.secret+'\"]'),c=new RegExp(\"^https?:$\",\"i\"),i=0;i<o.length;i++)o[i].style.display=\"none\";for(i=0;i<a.length;i++)s=a[i],e.source===s.contentWindow&&(s.removeAttribute(\"style\"),\"height\"===t.message?(1e3<(r=parseInt(t.value,10))?r=1e3:~~r<200&&(r=200),s.height=r):\"link\"===t.message&&(r=new URL(s.getAttribute(\"src\")),n=new URL(t.value),c.test(n.protocol))&&n.host===r.host&&l.activeElement===s&&(d.top.location.href=t.value))}},d.addEventListener(\"message\",d.wp.receiveEmbedMessage,!1),l.addEventListener(\"DOMContentLoaded\",function(){for(var e,t,s=l.querySelectorAll(\"iframe.wp-embedded-content\"),r=0;r<s.length;r++)(t=(e=s[r]).getAttribute(\"data-secret\"))||(t=Math.random().toString(36).substring(2,12),e.src+=\"#?secret=\"+t,e.setAttribute(\"data-secret\",t)),e.contentWindow.postMessage({message:\"ready\",secret:t},\"*\")},!1)))}(window,document);\n\/\/# sourceURL=https:\/\/www.almega.se\/wp\/wp-includes\/js\/wp-embed.min.js\n<\/script>\n","thumbnail_url":"https:\/\/www.almega.se\/app\/uploads\/2025\/10\/666f3175-d2ee-42d3-804e-2245c1542400-w_960.jpg","thumbnail_width":576,"thumbnail_height":375,"description":"Fackf\u00f6rbundet Kommunals varsel om konflikt inom personlig assistans drabbar inte bara utsatta personer. \u201dKommunals krav riskerar en hel bransch\u201d, s\u00e4ger V\u00e5rdf\u00f6retagarnas Per \u00d6stlund. V\u00e5rdf\u00f6retagarna och fackf\u00f6rbundet Kommunal har under en l\u00e4ngre tid f\u00f6rhandlat om ett &hellip;"}

Fackförbundet Kommunals varsel om konflikt inom personlig assistans drabbar inte bara utsatta personer. ”Kommunals krav riskerar en hel bransch”, säger Vårdföretagarnas Per Östlund. Vårdföretagarna och fackförbundet Kommunal har under en längre tid förhandlat om ett &hellip;
