{"version":"1.0","provider_name":"Almega","provider_url":"https:\/\/www.almega.se","author_name":"Sandra Mildenberger","author_url":"https:\/\/www.almega.se\/person\/sandramildenberger\/","title":"Fullsatt frukostseminarium om AI och kollektivavtalen","type":"rich","width":600,"height":338,"html":"<blockquote class=\"wp-embedded-content\" data-secret=\"tGaD5wY50f\"><a href=\"https:\/\/www.almega.se\/2025\/09\/fullsatt-frukostseminarium-om-ai-och-kollektivavtalen\/\">Fullsatt frukostseminarium om AI och kollektiv&shy;avtalen<\/a><\/blockquote><iframe sandbox=\"allow-scripts\" security=\"restricted\" src=\"https:\/\/www.almega.se\/2025\/09\/fullsatt-frukostseminarium-om-ai-och-kollektivavtalen\/embed\/#?secret=tGaD5wY50f\" width=\"600\" height=\"338\" title=\"\u201dFullsatt frukostseminarium om AI och kollektiv&shy;avtalen\u201d &ndash; Almega\" data-secret=\"tGaD5wY50f\" frameborder=\"0\" marginwidth=\"0\" marginheight=\"0\" scrolling=\"no\" class=\"wp-embedded-content\"><\/iframe><script>\n\/*! This file is auto-generated *\/\n!function(d,l){\"use strict\";l.querySelector&&d.addEventListener&&\"undefined\"!=typeof URL&&(d.wp=d.wp||{},d.wp.receiveEmbedMessage||(d.wp.receiveEmbedMessage=function(e){var t=e.data;if((t||t.secret||t.message||t.value)&&!\/[^a-zA-Z0-9]\/.test(t.secret)){for(var s,r,n,a=l.querySelectorAll('iframe[data-secret=\"'+t.secret+'\"]'),o=l.querySelectorAll('blockquote[data-secret=\"'+t.secret+'\"]'),c=new RegExp(\"^https?:$\",\"i\"),i=0;i<o.length;i++)o[i].style.display=\"none\";for(i=0;i<a.length;i++)s=a[i],e.source===s.contentWindow&&(s.removeAttribute(\"style\"),\"height\"===t.message?(1e3<(r=parseInt(t.value,10))?r=1e3:~~r<200&&(r=200),s.height=r):\"link\"===t.message&&(r=new URL(s.getAttribute(\"src\")),n=new URL(t.value),c.test(n.protocol))&&n.host===r.host&&l.activeElement===s&&(d.top.location.href=t.value))}},d.addEventListener(\"message\",d.wp.receiveEmbedMessage,!1),l.addEventListener(\"DOMContentLoaded\",function(){for(var e,t,s=l.querySelectorAll(\"iframe.wp-embedded-content\"),r=0;r<s.length;r++)(t=(e=s[r]).getAttribute(\"data-secret\"))||(t=Math.random().toString(36).substring(2,12),e.src+=\"#?secret=\"+t,e.setAttribute(\"data-secret\",t)),e.contentWindow.postMessage({message:\"ready\",secret:t},\"*\")},!1)))}(window,document);\n\/\/# sourceURL=https:\/\/www.almega.se\/wp\/wp-includes\/js\/wp-embed.min.js\n<\/script>\n","thumbnail_url":"https:\/\/www.almega.se\/app\/uploads\/2025\/09\/DSC06377.jpg","thumbnail_width":2048,"thumbnail_height":1152,"description":"Inledande spaning om digitaliseringens p\u00e5verkan Seminariet inleddes av Almegas chefsekonom Patrick Joyce som belyste hur digitaliseringen redan nu f\u00f6r\u00e4ndrar arbetsmarknaden. Han pekade p\u00e5 vilka yrkesgrupper som exponeras mest mot AI och vilka utmaningar, men ocks\u00e5 &hellip;"}

Inledande spaning om digitaliseringens påverkan Seminariet inleddes av Almegas chefsekonom Patrick Joyce som belyste hur digitaliseringen redan nu förändrar arbetsmarknaden. Han pekade på vilka yrkesgrupper som exponeras mest mot AI och vilka utmaningar, men också &hellip;
