{"version":"1.0","provider_name":"Almega","provider_url":"https:\/\/www.almega.se","author_name":"Marianne Ahlgren","author_url":"https:\/\/www.almega.se\/person\/marianneahlgren\/","title":"V\u00e5rd- och omsorgskonflikten avbl\u00e5st \u2013 ja till medlarbud","type":"rich","width":600,"height":338,"html":"<blockquote class=\"wp-embedded-content\" data-secret=\"BVCBJYVJqw\"><a href=\"https:\/\/www.almega.se\/2025\/06\/vard-och-omsorgskonflikten-avblast-ja-till-medlarbud\/\">V\u00e5rd- och omsorgskonflikten avbl\u00e5st \u2013 ja till medlarbud<\/a><\/blockquote><iframe sandbox=\"allow-scripts\" security=\"restricted\" src=\"https:\/\/www.almega.se\/2025\/06\/vard-och-omsorgskonflikten-avblast-ja-till-medlarbud\/embed\/#?secret=BVCBJYVJqw\" width=\"600\" height=\"338\" title=\"\u201dV\u00e5rd- och omsorgskonflikten avbl\u00e5st \u2013 ja till medlarbud\u201d &ndash; Almega\" data-secret=\"BVCBJYVJqw\" frameborder=\"0\" marginwidth=\"0\" marginheight=\"0\" scrolling=\"no\" class=\"wp-embedded-content\"><\/iframe><script>\n\/*! This file is auto-generated *\/\n!function(d,l){\"use strict\";l.querySelector&&d.addEventListener&&\"undefined\"!=typeof URL&&(d.wp=d.wp||{},d.wp.receiveEmbedMessage||(d.wp.receiveEmbedMessage=function(e){var t=e.data;if((t||t.secret||t.message||t.value)&&!\/[^a-zA-Z0-9]\/.test(t.secret)){for(var s,r,n,a=l.querySelectorAll('iframe[data-secret=\"'+t.secret+'\"]'),o=l.querySelectorAll('blockquote[data-secret=\"'+t.secret+'\"]'),c=new RegExp(\"^https?:$\",\"i\"),i=0;i<o.length;i++)o[i].style.display=\"none\";for(i=0;i<a.length;i++)s=a[i],e.source===s.contentWindow&&(s.removeAttribute(\"style\"),\"height\"===t.message?(1e3<(r=parseInt(t.value,10))?r=1e3:~~r<200&&(r=200),s.height=r):\"link\"===t.message&&(r=new URL(s.getAttribute(\"src\")),n=new URL(t.value),c.test(n.protocol))&&n.host===r.host&&l.activeElement===s&&(d.top.location.href=t.value))}},d.addEventListener(\"message\",d.wp.receiveEmbedMessage,!1),l.addEventListener(\"DOMContentLoaded\",function(){for(var e,t,s=l.querySelectorAll(\"iframe.wp-embedded-content\"),r=0;r<s.length;r++)(t=(e=s[r]).getAttribute(\"data-secret\"))||(t=Math.random().toString(36).substring(2,12),e.src+=\"#?secret=\"+t,e.setAttribute(\"data-secret\",t)),e.contentWindow.postMessage({message:\"ready\",secret:t},\"*\")},!1)))}(window,document);\n\/\/# sourceURL=https:\/\/www.almega.se\/wp\/wp-includes\/js\/wp-embed.min.js\n<\/script>\n","thumbnail_url":"https:\/\/www.almega.se\/app\/uploads\/2025\/06\/d4642d23-72fb-4d53-8939-edcd61d27a98.jpg","thumbnail_width":1185,"thumbnail_height":630,"description":"V\u00e5rdf\u00f6retagarna och Kommunal har accepterat medlarnas bud p\u00e5 avtalsomr\u00e5de E och F, \u00e4ldreomsorg samt v\u00e5rd och behandling. Det inneb\u00e4r att konflikthotet inom v\u00e5rd och omsorg \u00e4r avv\u00e4rjt."}

Vård- och omsorgskonflikten avblåst – ja till medlarbud

<blockquote class="wp-embedded-content" data-secret="BVCBJYVJqw"><a href="https://www.almega.se/2025/06/vard-och-omsorgskonflikten-avblast-ja-till-medlarbud/">Vård- och omsorgskonflikten avblåst – ja till medlarbud</a></blockquote><iframe sandbox="allow-scripts" security="restricted" src="https://www.almega.se/2025/06/vard-och-omsorgskonflikten-avblast-ja-till-medlarbud/embed/#?secret=BVCBJYVJqw" width="600" height="338" title="”Vård- och omsorgskonflikten avblåst – ja till medlarbud” &ndash; Almega" data-secret="BVCBJYVJqw" frameborder="0" marginwidth="0" marginheight="0" scrolling="no" class="wp-embedded-content"></iframe><script>
/*! This file is auto-generated */
!function(d,l){"use strict";l.querySelector&&d.addEventListener&&"undefined"!=typeof URL&&(d.wp=d.wp||{},d.wp.receiveEmbedMessage||(d.wp.receiveEmbedMessage=function(e){var t=e.data;if((t||t.secret||t.message||t.value)&&!/[^a-zA-Z0-9]/.test(t.secret)){for(var s,r,n,a=l.querySelectorAll('iframe[data-secret="'+t.secret+'"]'),o=l.querySelectorAll('blockquote[data-secret="'+t.secret+'"]'),c=new RegExp("^https?:$","i"),i=0;i<o.length;i++)o[i].style.display="none";for(i=0;i<a.length;i++)s=a[i],e.source===s.contentWindow&&(s.removeAttribute("style"),"height"===t.message?(1e3<(r=parseInt(t.value,10))?r=1e3:~~r<200&&(r=200),s.height=r):"link"===t.message&&(r=new URL(s.getAttribute("src")),n=new URL(t.value),c.test(n.protocol))&&n.host===r.host&&l.activeElement===s&&(d.top.location.href=t.value))}},d.addEventListener("message",d.wp.receiveEmbedMessage,!1),l.addEventListener("DOMContentLoaded",function(){for(var e,t,s=l.querySelectorAll("iframe.wp-embedded-content"),r=0;r<s.length;r++)(t=(e=s[r]).getAttribute("data-secret"))||(t=Math.random().toString(36).substring(2,12),e.src+="#?secret="+t,e.setAttribute("data-secret",t)),e.contentWindow.postMessage({message:"ready",secret:t},"*")},!1)))}(window,document);
//# sourceURL=https://www.almega.se/wp/wp-includes/js/wp-embed.min.js
</script>

Vårdföretagarna och Kommunal har accepterat medlarnas bud på avtalsområde E och F, äldreomsorg samt vård och behandling. Det innebär att konflikthotet inom vård och omsorg är avvärjt.
