{"version":"1.0","provider_name":"Almega","provider_url":"https:\/\/www.almega.se","author_name":"Karin Nyg\u00e5rd","author_url":"https:\/\/www.almega.se\/person\/karinnygard\/","title":"Medlare utsedda i arbetsmarknadskonflikten","type":"rich","width":600,"height":338,"html":"<blockquote class=\"wp-embedded-content\" data-secret=\"0uN4bXQHN7\"><a href=\"https:\/\/www.almega.se\/2025\/04\/medlare-utsedda-i-arbetsmarknadskonflikten\/\">Medlare utsedda i arbetsmarknadskonflikten<\/a><\/blockquote><iframe sandbox=\"allow-scripts\" security=\"restricted\" src=\"https:\/\/www.almega.se\/2025\/04\/medlare-utsedda-i-arbetsmarknadskonflikten\/embed\/#?secret=0uN4bXQHN7\" width=\"600\" height=\"338\" title=\"\u201dMedlare utsedda i arbetsmarknadskonflikten\u201d &ndash; Almega\" data-secret=\"0uN4bXQHN7\" frameborder=\"0\" marginwidth=\"0\" marginheight=\"0\" scrolling=\"no\" class=\"wp-embedded-content\"><\/iframe><script>\n\/*! This file is auto-generated *\/\n!function(d,l){\"use strict\";l.querySelector&&d.addEventListener&&\"undefined\"!=typeof URL&&(d.wp=d.wp||{},d.wp.receiveEmbedMessage||(d.wp.receiveEmbedMessage=function(e){var t=e.data;if((t||t.secret||t.message||t.value)&&!\/[^a-zA-Z0-9]\/.test(t.secret)){for(var s,r,n,a=l.querySelectorAll('iframe[data-secret=\"'+t.secret+'\"]'),o=l.querySelectorAll('blockquote[data-secret=\"'+t.secret+'\"]'),c=new RegExp(\"^https?:$\",\"i\"),i=0;i<o.length;i++)o[i].style.display=\"none\";for(i=0;i<a.length;i++)s=a[i],e.source===s.contentWindow&&(s.removeAttribute(\"style\"),\"height\"===t.message?(1e3<(r=parseInt(t.value,10))?r=1e3:~~r<200&&(r=200),s.height=r):\"link\"===t.message&&(r=new URL(s.getAttribute(\"src\")),n=new URL(t.value),c.test(n.protocol))&&n.host===r.host&&l.activeElement===s&&(d.top.location.href=t.value))}},d.addEventListener(\"message\",d.wp.receiveEmbedMessage,!1),l.addEventListener(\"DOMContentLoaded\",function(){for(var e,t,s=l.querySelectorAll(\"iframe.wp-embedded-content\"),r=0;r<s.length;r++)(t=(e=s[r]).getAttribute(\"data-secret\"))||(t=Math.random().toString(36).substring(2,12),e.src+=\"#?secret=\"+t,e.setAttribute(\"data-secret\",t)),e.contentWindow.postMessage({message:\"ready\",secret:t},\"*\")},!1)))}(window,document);\n\/\/# sourceURL=https:\/\/www.almega.se\/wp\/wp-includes\/js\/wp-embed.min.js\n<\/script>\n","thumbnail_url":"https:\/\/www.almega.se\/app\/uploads\/2025\/04\/7f83ceed-721a-48ed-92c1-3b4d25304a3f-scaled.jpg","thumbnail_width":2560,"thumbnail_height":1433,"description":"I g\u00e5r varslade fackf\u00f6rbunden Unionen och Sveriges Ingenj\u00f6rer om konflikt efter att f\u00f6rhandlingarna om nya kollektivavtal hastigt avbrutits av facken. Beklagligt, enligt Almega, som g\u00e4rna hade fortsatt f\u00f6rhandlingarna p\u00e5 de datum som var planerade. Almega &hellip;"}

Karin Nygård

I går varslade fackförbunden Unionen och Sveriges Ingenjörer om konflikt efter att förhandlingarna om nya kollektivavtal hastigt avbrutits av facken. Beklagligt, enligt Almega, som gärna hade fortsatt förhandlingarna på de datum som var planerade. Almega &hellip;
