{"version":"1.0","provider_name":"Almega","provider_url":"https:\/\/www.almega.se","author_name":"Katarina Ahlsen","author_url":"https:\/\/www.almega.se\/person\/katarinaahlsen\/","title":"Nya restriktioner inf\u00f6rs \u2013 hur blir det efter julhelgerna?","type":"rich","width":600,"height":338,"html":"<blockquote class=\"wp-embedded-content\" data-secret=\"84YA3fjRsa\"><a href=\"https:\/\/www.almega.se\/2021\/12\/nya-restriktioner-infors-hur-blir-det-efter-julhelgerna\/\">Nya restriktioner inf\u00f6rs \u2013 hur blir det efter julhelgerna?<\/a><\/blockquote><iframe sandbox=\"allow-scripts\" security=\"restricted\" src=\"https:\/\/www.almega.se\/2021\/12\/nya-restriktioner-infors-hur-blir-det-efter-julhelgerna\/embed\/#?secret=84YA3fjRsa\" width=\"600\" height=\"338\" title=\"\u201dNya restriktioner inf\u00f6rs \u2013 hur blir det efter julhelgerna?\u201d &ndash; Almega\" data-secret=\"84YA3fjRsa\" frameborder=\"0\" marginwidth=\"0\" marginheight=\"0\" scrolling=\"no\" class=\"wp-embedded-content\"><\/iframe><script>\n\/*! This file is auto-generated *\/\n!function(d,l){\"use strict\";l.querySelector&&d.addEventListener&&\"undefined\"!=typeof URL&&(d.wp=d.wp||{},d.wp.receiveEmbedMessage||(d.wp.receiveEmbedMessage=function(e){var t=e.data;if((t||t.secret||t.message||t.value)&&!\/[^a-zA-Z0-9]\/.test(t.secret)){for(var s,r,n,a=l.querySelectorAll('iframe[data-secret=\"'+t.secret+'\"]'),o=l.querySelectorAll('blockquote[data-secret=\"'+t.secret+'\"]'),c=new RegExp(\"^https?:$\",\"i\"),i=0;i<o.length;i++)o[i].style.display=\"none\";for(i=0;i<a.length;i++)s=a[i],e.source===s.contentWindow&&(s.removeAttribute(\"style\"),\"height\"===t.message?(1e3<(r=parseInt(t.value,10))?r=1e3:~~r<200&&(r=200),s.height=r):\"link\"===t.message&&(r=new URL(s.getAttribute(\"src\")),n=new URL(t.value),c.test(n.protocol))&&n.host===r.host&&l.activeElement===s&&(d.top.location.href=t.value))}},d.addEventListener(\"message\",d.wp.receiveEmbedMessage,!1),l.addEventListener(\"DOMContentLoaded\",function(){for(var e,t,s=l.querySelectorAll(\"iframe.wp-embedded-content\"),r=0;r<s.length;r++)(t=(e=s[r]).getAttribute(\"data-secret\"))||(t=Math.random().toString(36).substring(2,12),e.src+=\"#?secret=\"+t,e.setAttribute(\"data-secret\",t)),e.contentWindow.postMessage({message:\"ready\",secret:t},\"*\")},!1)))}(window,document);\n\/\/# sourceURL=https:\/\/www.almega.se\/wp\/wp-includes\/js\/wp-embed.min.js\n<\/script>\n","thumbnail_url":"https:\/\/www.almega.se\/app\/uploads\/2021\/12\/bild-webbartikel-1000x600-36.png","thumbnail_width":1000,"thumbnail_height":600,"description":"Hur blir det p\u00e5 arbetsplatserna fr\u00e5n och med den 23 december? \u2013 Fr\u00e5n och med den 23 december 2021 rekommenderar Folkh\u00e4lsomyndigheten att alla som kan ska arbeta hemma. Det blir en \u00e5terg\u00e5ng till hur det &hellip;"}

Nya restriktioner införs – hur blir det efter julhelgerna?

<blockquote class="wp-embedded-content" data-secret="84YA3fjRsa"><a href="https://www.almega.se/2021/12/nya-restriktioner-infors-hur-blir-det-efter-julhelgerna/">Nya restriktioner införs – hur blir det efter julhelgerna?</a></blockquote><iframe sandbox="allow-scripts" security="restricted" src="https://www.almega.se/2021/12/nya-restriktioner-infors-hur-blir-det-efter-julhelgerna/embed/#?secret=84YA3fjRsa" width="600" height="338" title="”Nya restriktioner införs – hur blir det efter julhelgerna?” &ndash; Almega" data-secret="84YA3fjRsa" frameborder="0" marginwidth="0" marginheight="0" scrolling="no" class="wp-embedded-content"></iframe><script>
/*! This file is auto-generated */
!function(d,l){"use strict";l.querySelector&&d.addEventListener&&"undefined"!=typeof URL&&(d.wp=d.wp||{},d.wp.receiveEmbedMessage||(d.wp.receiveEmbedMessage=function(e){var t=e.data;if((t||t.secret||t.message||t.value)&&!/[^a-zA-Z0-9]/.test(t.secret)){for(var s,r,n,a=l.querySelectorAll('iframe[data-secret="'+t.secret+'"]'),o=l.querySelectorAll('blockquote[data-secret="'+t.secret+'"]'),c=new RegExp("^https?:$","i"),i=0;i<o.length;i++)o[i].style.display="none";for(i=0;i<a.length;i++)s=a[i],e.source===s.contentWindow&&(s.removeAttribute("style"),"height"===t.message?(1e3<(r=parseInt(t.value,10))?r=1e3:~~r<200&&(r=200),s.height=r):"link"===t.message&&(r=new URL(s.getAttribute("src")),n=new URL(t.value),c.test(n.protocol))&&n.host===r.host&&l.activeElement===s&&(d.top.location.href=t.value))}},d.addEventListener("message",d.wp.receiveEmbedMessage,!1),l.addEventListener("DOMContentLoaded",function(){for(var e,t,s=l.querySelectorAll("iframe.wp-embedded-content"),r=0;r<s.length;r++)(t=(e=s[r]).getAttribute("data-secret"))||(t=Math.random().toString(36).substring(2,12),e.src+="#?secret="+t,e.setAttribute("data-secret",t)),e.contentWindow.postMessage({message:"ready",secret:t},"*")},!1)))}(window,document);
//# sourceURL=https://www.almega.se/wp/wp-includes/js/wp-embed.min.js
</script>

Hur blir det på arbetsplatserna från och med den 23 december? – Från och med den 23 december 2021 rekommenderar Folkhälsomyndigheten att alla som kan ska arbeta hemma. Det blir en återgång till hur det &hellip;
