{"version":"1.0","provider_name":"Almega","provider_url":"https:\/\/www.almega.se","author_name":"emmaf","author_url":"https:\/\/www.almega.se\/person\/emmaf\/","title":"Almegas krav till statsministern","type":"rich","width":600,"height":338,"html":"<blockquote class=\"wp-embedded-content\" data-secret=\"9nSKzTzskX\"><a href=\"https:\/\/www.almega.se\/2020\/03\/almegas-krav-till-statsministern\/\">Almegas krav till stats&shy;ministern<\/a><\/blockquote><iframe sandbox=\"allow-scripts\" security=\"restricted\" src=\"https:\/\/www.almega.se\/2020\/03\/almegas-krav-till-statsministern\/embed\/#?secret=9nSKzTzskX\" width=\"600\" height=\"338\" title=\"\u201dAlmegas krav till stats&shy;ministern\u201d &ndash; Almega\" data-secret=\"9nSKzTzskX\" frameborder=\"0\" marginwidth=\"0\" marginheight=\"0\" scrolling=\"no\" class=\"wp-embedded-content\"><\/iframe><script>\n\/*! This file is auto-generated *\/\n!function(d,l){\"use strict\";l.querySelector&&d.addEventListener&&\"undefined\"!=typeof URL&&(d.wp=d.wp||{},d.wp.receiveEmbedMessage||(d.wp.receiveEmbedMessage=function(e){var t=e.data;if((t||t.secret||t.message||t.value)&&!\/[^a-zA-Z0-9]\/.test(t.secret)){for(var s,r,n,a=l.querySelectorAll('iframe[data-secret=\"'+t.secret+'\"]'),o=l.querySelectorAll('blockquote[data-secret=\"'+t.secret+'\"]'),c=new RegExp(\"^https?:$\",\"i\"),i=0;i<o.length;i++)o[i].style.display=\"none\";for(i=0;i<a.length;i++)s=a[i],e.source===s.contentWindow&&(s.removeAttribute(\"style\"),\"height\"===t.message?(1e3<(r=parseInt(t.value,10))?r=1e3:~~r<200&&(r=200),s.height=r):\"link\"===t.message&&(r=new URL(s.getAttribute(\"src\")),n=new URL(t.value),c.test(n.protocol))&&n.host===r.host&&l.activeElement===s&&(d.top.location.href=t.value))}},d.addEventListener(\"message\",d.wp.receiveEmbedMessage,!1),l.addEventListener(\"DOMContentLoaded\",function(){for(var e,t,s=l.querySelectorAll(\"iframe.wp-embedded-content\"),r=0;r<s.length;r++)(t=(e=s[r]).getAttribute(\"data-secret\"))||(t=Math.random().toString(36).substring(2,12),e.src+=\"#?secret=\"+t,e.setAttribute(\"data-secret\",t)),e.contentWindow.postMessage({message:\"ready\",secret:t},\"*\")},!1)))}(window,document);\n\/\/# sourceURL=https:\/\/www.almega.se\/wp\/wp-includes\/js\/wp-embed.min.js\n<\/script>\n","description":"Under fredagen tr\u00e4ffade Almegas vd Thomas Ers\u00e9us statsminister Stefan L\u00f6fven tillsammans med ledande f\u00f6retr\u00e4dare f\u00f6r Svenskt N\u00e4ringsliv och representanter fr\u00e5n flera fackf\u00f6rbund. Thomas Ers\u00e9us presenterade vilka \u00e5tg\u00e4rder som kr\u00e4vs f\u00f6r att st\u00e4vja krisen i tj\u00e4nstesektorn. N\u00e5gra saker som lyftes under m\u00f6tet var fler \u00e5tg\u00e4rder f\u00f6r att r\u00e4dda jobb och f\u00f6retag, att det offentliga ska h\u00e5lla sina ing\u00e5ngna avtal med n\u00e4ringslivet och vikten av ett \u00f6ppet samh\u00e4lle mot bakgrund av coronaviruset.","thumbnail_url":"https:\/\/www.almega.se\/app\/uploads\/2020\/12\/almega-share-logo.png","thumbnail_width":1200,"thumbnail_height":630}

Under fredagen träffade Almegas vd Thomas Erséus statsminister Stefan Löfven tillsammans med ledande företrädare för Svenskt Näringsliv och representanter från flera fackförbund. Thomas Erséus presenterade vilka åtgärder som krävs för att stävja krisen i tjänstesektorn. Några saker som lyftes under mötet var fler åtgärder för att rädda jobb och företag, att det offentliga ska hålla sina ingångna avtal med näringslivet och vikten av ett öppet samhälle mot bakgrund av coronaviruset.
