{"version":"1.0","provider_name":"Almega","provider_url":"https:\/\/www.almega.se","author_name":"emmaf","author_url":"https:\/\/www.almega.se\/person\/emmaf\/","title":"Minimil\u00f6ner i EU hotar den svenska modellen","type":"rich","width":600,"height":338,"html":"<blockquote class=\"wp-embedded-content\" data-secret=\"zJHzUDwQZk\"><a href=\"https:\/\/www.almega.se\/2020\/01\/minimiloner-i-eu-hotar-den-svenska-modellen\/\">Minimil\u00f6ner i EU hotar den svenska modellen<\/a><\/blockquote><iframe sandbox=\"allow-scripts\" security=\"restricted\" src=\"https:\/\/www.almega.se\/2020\/01\/minimiloner-i-eu-hotar-den-svenska-modellen\/embed\/#?secret=zJHzUDwQZk\" width=\"600\" height=\"338\" title=\"\u201dMinimil\u00f6ner i EU hotar den svenska modellen\u201d &ndash; Almega\" data-secret=\"zJHzUDwQZk\" frameborder=\"0\" marginwidth=\"0\" marginheight=\"0\" scrolling=\"no\" class=\"wp-embedded-content\"><\/iframe><script>\n\/*! This file is auto-generated *\/\n!function(d,l){\"use strict\";l.querySelector&&d.addEventListener&&\"undefined\"!=typeof URL&&(d.wp=d.wp||{},d.wp.receiveEmbedMessage||(d.wp.receiveEmbedMessage=function(e){var t=e.data;if((t||t.secret||t.message||t.value)&&!\/[^a-zA-Z0-9]\/.test(t.secret)){for(var s,r,n,a=l.querySelectorAll('iframe[data-secret=\"'+t.secret+'\"]'),o=l.querySelectorAll('blockquote[data-secret=\"'+t.secret+'\"]'),c=new RegExp(\"^https?:$\",\"i\"),i=0;i<o.length;i++)o[i].style.display=\"none\";for(i=0;i<a.length;i++)s=a[i],e.source===s.contentWindow&&(s.removeAttribute(\"style\"),\"height\"===t.message?(1e3<(r=parseInt(t.value,10))?r=1e3:~~r<200&&(r=200),s.height=r):\"link\"===t.message&&(r=new URL(s.getAttribute(\"src\")),n=new URL(t.value),c.test(n.protocol))&&n.host===r.host&&l.activeElement===s&&(d.top.location.href=t.value))}},d.addEventListener(\"message\",d.wp.receiveEmbedMessage,!1),l.addEventListener(\"DOMContentLoaded\",function(){for(var e,t,s=l.querySelectorAll(\"iframe.wp-embedded-content\"),r=0;r<s.length;r++)(t=(e=s[r]).getAttribute(\"data-secret\"))||(t=Math.random().toString(36).substring(2,12),e.src+=\"#?secret=\"+t,e.setAttribute(\"data-secret\",t)),e.contentWindow.postMessage({message:\"ready\",secret:t},\"*\")},!1)))}(window,document);\n\/\/# sourceURL=https:\/\/www.almega.se\/wp\/wp-includes\/js\/wp-embed.min.js\n<\/script>\n","description":"Under tisdagen presenterade EU-kommissionen en f\u00f6rstakonsultation n\u00e4r det g\u00e4ller f\u00f6rslaget om minimil\u00f6ner p\u00e5 EU-niv\u00e5. F\u00f6rslaget \u00e4r v\u00e4rre \u00e4n befarat och kommissionen verkar vilja anv\u00e4nda l\u00f6n som ett politiskt redskap. F\u00f6rslaget hotar den svenska kollektivavtalsmodellen som bygger p\u00e5 f\u00f6rhandlingar mellan fackf\u00f6reningar och arbetsgivare, utan politisk inblandning.","thumbnail_url":"https:\/\/www.almega.se\/app\/uploads\/2020\/12\/almega-share-logo.png","thumbnail_width":1200,"thumbnail_height":630}

Minimilöner i EU hotar den svenska modellen

<blockquote class="wp-embedded-content" data-secret="zJHzUDwQZk"><a href="https://www.almega.se/2020/01/minimiloner-i-eu-hotar-den-svenska-modellen/">Minimilöner i EU hotar den svenska modellen</a></blockquote><iframe sandbox="allow-scripts" security="restricted" src="https://www.almega.se/2020/01/minimiloner-i-eu-hotar-den-svenska-modellen/embed/#?secret=zJHzUDwQZk" width="600" height="338" title="”Minimilöner i EU hotar den svenska modellen” &ndash; Almega" data-secret="zJHzUDwQZk" frameborder="0" marginwidth="0" marginheight="0" scrolling="no" class="wp-embedded-content"></iframe><script>
/*! This file is auto-generated */
!function(d,l){"use strict";l.querySelector&&d.addEventListener&&"undefined"!=typeof URL&&(d.wp=d.wp||{},d.wp.receiveEmbedMessage||(d.wp.receiveEmbedMessage=function(e){var t=e.data;if((t||t.secret||t.message||t.value)&&!/[^a-zA-Z0-9]/.test(t.secret)){for(var s,r,n,a=l.querySelectorAll('iframe[data-secret="'+t.secret+'"]'),o=l.querySelectorAll('blockquote[data-secret="'+t.secret+'"]'),c=new RegExp("^https?:$","i"),i=0;i<o.length;i++)o[i].style.display="none";for(i=0;i<a.length;i++)s=a[i],e.source===s.contentWindow&&(s.removeAttribute("style"),"height"===t.message?(1e3<(r=parseInt(t.value,10))?r=1e3:~~r<200&&(r=200),s.height=r):"link"===t.message&&(r=new URL(s.getAttribute("src")),n=new URL(t.value),c.test(n.protocol))&&n.host===r.host&&l.activeElement===s&&(d.top.location.href=t.value))}},d.addEventListener("message",d.wp.receiveEmbedMessage,!1),l.addEventListener("DOMContentLoaded",function(){for(var e,t,s=l.querySelectorAll("iframe.wp-embedded-content"),r=0;r<s.length;r++)(t=(e=s[r]).getAttribute("data-secret"))||(t=Math.random().toString(36).substring(2,12),e.src+="#?secret="+t,e.setAttribute("data-secret",t)),e.contentWindow.postMessage({message:"ready",secret:t},"*")},!1)))}(window,document);
//# sourceURL=https://www.almega.se/wp/wp-includes/js/wp-embed.min.js
</script>

Under tisdagen presenterade EU-kommissionen en förstakonsultation när det gäller förslaget om minimilöner på EU-nivå. Förslaget är värre än befarat och kommissionen verkar vilja använda lön som ett politiskt redskap. Förslaget hotar den svenska kollektivavtalsmodellen som bygger på förhandlingar mellan fackföreningar och arbetsgivare, utan politisk inblandning.
