{"version":"1.0","provider_name":"Almega","provider_url":"https:\/\/www.almega.se","author_name":"admin","author_url":"https:\/\/www.almega.se\/person\/admin\/","title":"Samtliga avtal klara i bransch Kommunikation","type":"rich","width":600,"height":338,"html":"<blockquote class=\"wp-embedded-content\" data-secret=\"gyMvNy1vs7\"><a href=\"https:\/\/www.almega.se\/2012\/09\/samtliga-avtal-klara-i-bransch-kommunikation\/\">Samtliga avtal klara i bransch Kommunikation<\/a><\/blockquote><iframe sandbox=\"allow-scripts\" security=\"restricted\" src=\"https:\/\/www.almega.se\/2012\/09\/samtliga-avtal-klara-i-bransch-kommunikation\/embed\/#?secret=gyMvNy1vs7\" width=\"600\" height=\"338\" title=\"\u201dSamtliga avtal klara i bransch Kommunikation\u201d &ndash; Almega\" data-secret=\"gyMvNy1vs7\" frameborder=\"0\" marginwidth=\"0\" marginheight=\"0\" scrolling=\"no\" class=\"wp-embedded-content\"><\/iframe><script>\n\/*! This file is auto-generated *\/\n!function(d,l){\"use strict\";l.querySelector&&d.addEventListener&&\"undefined\"!=typeof URL&&(d.wp=d.wp||{},d.wp.receiveEmbedMessage||(d.wp.receiveEmbedMessage=function(e){var t=e.data;if((t||t.secret||t.message||t.value)&&!\/[^a-zA-Z0-9]\/.test(t.secret)){for(var s,r,n,a=l.querySelectorAll('iframe[data-secret=\"'+t.secret+'\"]'),o=l.querySelectorAll('blockquote[data-secret=\"'+t.secret+'\"]'),c=new RegExp(\"^https?:$\",\"i\"),i=0;i<o.length;i++)o[i].style.display=\"none\";for(i=0;i<a.length;i++)s=a[i],e.source===s.contentWindow&&(s.removeAttribute(\"style\"),\"height\"===t.message?(1e3<(r=parseInt(t.value,10))?r=1e3:~~r<200&&(r=200),s.height=r):\"link\"===t.message&&(r=new URL(s.getAttribute(\"src\")),n=new URL(t.value),c.test(n.protocol))&&n.host===r.host&&l.activeElement===s&&(d.top.location.href=t.value))}},d.addEventListener(\"message\",d.wp.receiveEmbedMessage,!1),l.addEventListener(\"DOMContentLoaded\",function(){for(var e,t,s=l.querySelectorAll(\"iframe.wp-embedded-content\"),r=0;r<s.length;r++)(t=(e=s[r]).getAttribute(\"data-secret\"))||(t=Math.random().toString(36).substring(2,12),e.src+=\"#?secret=\"+t,e.setAttribute(\"data-secret\",t)),e.contentWindow.postMessage({message:\"ready\",secret:t},\"*\")},!1)))}(window,document);\n\/\/# sourceURL=https:\/\/www.almega.se\/wp\/wp-includes\/js\/wp-embed.min.js\n<\/script>\n","description":"Almega Kommunikationsf\u00f6retagen tr\u00e4ffade den 25 juni 2012 avtal om l\u00f6ner och allm\u00e4nna anst\u00e4llningsvillkor med SEKO, ST och Ledarna. Med avtalen som tr\u00e4ffades med akademikerf\u00f6rbunden den 11 september 2012 \u00e4r samtliga avtal inom avtalsomr\u00e5det klara. Avtalen \u00e4r p\u00e5 tolv m\u00e5nader och g\u00e4ller fr.o.m. 1 juni 2012 t.o.m. 31 maj 2013. F\u00f6r\u00e4ndringarna i allm\u00e4nna villkorsavtalet \u00e4r lika-lydande f\u00f6r alla.","thumbnail_url":"https:\/\/www.almega.se\/app\/uploads\/2020\/12\/almega-share-logo.png","thumbnail_width":1200,"thumbnail_height":630}

Almega Kommunikationsföretagen träffade den 25 juni 2012 avtal om löner och allmänna anställningsvillkor med SEKO, ST och Ledarna. Med avtalen som träffades med akademikerförbunden den 11 september 2012 är samtliga avtal inom avtalsområdet klara. Avtalen är på tolv månader och gäller fr.o.m. 1 juni 2012 t.o.m. 31 maj 2013. Förändringarna i allmänna villkorsavtalet är lika-lydande för alla.
